{"id":35969,"date":"2023-08-07T15:14:46","date_gmt":"2023-08-07T12:14:46","guid":{"rendered":"https:\/\/electricsun.de\/?post_type=product&#038;p=35969"},"modified":"2025-11-25T17:50:34","modified_gmt":"2025-11-25T15:50:34","slug":"focar-electric-3d-incorporabil-electricsun-clasic-23-inch-l59xh44cm-resigilat","status":"publish","type":"product","link":"https:\/\/electricsun.de\/ro\/magazin\/focar-electric-3d-incorporabil-electricsun-clasic-23-inch-l59xh44cm-resigilat\/","title":{"rendered":"Focar electric 3D incorporabil ElectricSun Clasic 23 inch L59xH44cm, cu sunet (Resigilat)"},"content":{"rendered":"","protected":false},"excerpt":{"rendered":"<p><span style=\"color: #f37326;\"><strong>Produs nou resigilat focar 23 inch:<br \/>\nVarianta 1 pret 500 lei, gril\u0103 revopsit\u0103, f\u0103r\u0103 cutie original\u0103.<br \/>\n(Produsul NOU fara nimic costa 990 lei.)<\/strong><\/span><\/p>\n<h2>Avantaje Focar electric Clasic 23 inch ElectricSun:<\/h2>\n<ul>\n<li>Incorporabil \u00een mobilier, perete sau alte obiecte;<\/li>\n<li>Montaj ideal in orice loc: apartamente, birouri, case etc.<\/li>\n<li>Panou frontal din sticla;<\/li>\n<li>Focar de 23\u2033 inch. 58,5 x 44 cm; Putere 1500W; Tensiunea de alimentare 230V;<\/li>\n<li>Efect de flac\u0103r\u0103 cu bu\u0219teni arz\u00e2nd \u0219i mulaj din jar; Efect 3D \u0219i realism clasic al flac\u0103rii;<\/li>\n<li>Flac\u0103r\u0103 cu led 10W func\u021bioneaz\u0103 independent de \u00eenc\u0103lzire, cu sau f\u0103r\u0103 \u00eenc\u0103lzire;<\/li>\n<li>Flac\u0103ra are o culoare \u0219i are 5 trepte reglabile a luminozita\u021bii;<\/li>\n<\/ul>\n<h6><img decoding=\"async\" class=\"alignleft wp-image-3856 size-thumbnail\" title=\"Focar electric cu infrarosu Clasic 23 inch ElectricSun\" src=\"https:\/\/electricsun.de\/wp-content\/uploads\/2022\/05\/sunet.svg\" alt=\"Focar electric cu infrarosu Clasic 23 inch ElectricSun\" width=\"40\" height=\"40\" \/>Sunet incorporat<\/h6>\n<p>Dispozitiv de sunet care imit\u0103 trosnetul bu\u0219tenilor \u0219i reproduce sunetul focului arz\u00e2nd, care are 5 setari si oprit\/pornit separat de \u00eenc\u0103lzire.<\/p>\n<h6><img decoding=\"async\" class=\"alignleft\" title=\"Focar electric cu infrarosu Clasic 23 inch ElectricSun\" src=\"https:\/\/electricsun.de\/wp-content\/uploads\/2022\/05\/led.svg\" alt=\"Focar electric cu infrarosu Clasic 23 inch ElectricSun\" width=\"40\" height=\"40\" \/>Tehnologie LED \u2013 cu consum redus 10 W<\/h6>\n<p>Tehnologia 3D LED incorporat\u0103 \u00een toate \u0219emineele electrice 3D ElectricSun.<\/p>\n<h6><img decoding=\"async\" class=\"alignleft\" title=\"Focar electric cu infrarosu Clasic 23 inch ElectricSun\" src=\"https:\/\/electricsun.de\/wp-content\/uploads\/2022\/05\/afisaj.svg\" alt=\"Focar electric cu infrarosu Clasic 23 inch ElectricSun\" width=\"40\" height=\"40\" \/>Afi\u0219aj<\/h6>\n<p>Se controleaz\u0103 cu ajutorul telecomenzii sau a panoului de control, se aprinde \u0219i dispare.<\/p>\n<h6><img loading=\"lazy\" decoding=\"async\" class=\"alignleft\" title=\"Focar electric cu infrarosu Clasic 23 inch ElectricSun\" src=\"https:\/\/electricsun.de\/wp-content\/uploads\/2022\/05\/incalzire-termostat.svg\" alt=\"Focar electric cu infrarosu Clasic 23 inch ElectricSun\" width=\"40\" height=\"40\" \/>\u00cenc\u0103lzire cu termostat<\/h6>\n<p>\u00cenc\u0103lzire cu infraro\u0219u s\u0103n\u0103toas\u0103 \u0219i ventilator. Termostat pentru setarea temperaturii, reglabil 15\u201340\u00b0C. \u0218emineul poate fi folosit cu sau f\u0103r\u0103 c\u0103ldur\u0103. <\/p>\n<h6><img loading=\"lazy\" decoding=\"async\" class=\"alignleft\" title=\"Focar electric cu infrarosu Clasic 23 inch ElectricSun\" src=\"https:\/\/electricsun.de\/wp-content\/uploads\/2022\/05\/sand-clock.svg\" alt=\"Focar electric cu infrarosu Clasic 23 inch ElectricSun\" width=\"40\" height=\"40\" \/>Functie Timer<\/h6>\n<p>Se poate seta sa se opreasca automat de la 1 la 6 ore.<\/p>\n<h6><img loading=\"lazy\" decoding=\"async\" class=\"alignleft wp-image-3143\" title=\"Focar electric cu infrarosu Clasic 23 inch ElectricSun\" src=\"https:\/\/electricsun.de\/wp-content\/uploads\/2022\/05\/efect-flacara.svg\" alt=\"Focar electric cu infrarosu Clasic 23 inch ElectricSun\" width=\"40\" height=\"40\" \/>Efect de flac\u0103r\u0103 clasic<\/h6>\n<p>Este o tehnologie cu cel mai real efect de flac\u0103r\u0103 clasic\u0103. Noua tehnologie ofer\u0103 o experien\u021b\u0103 utilizatorului f\u0103r\u0103 precedent.<\/p>\n<h6><img loading=\"lazy\" decoding=\"async\" class=\"alignleft\" title=\"Focar electric cu infrarosu Clasic 23 inch ElectricSun\" src=\"https:\/\/electricsun.de\/wp-content\/uploads\/2022\/05\/luminozitate.svg\" alt=\"Focar electric cu infrarosu Clasic 23 inch ElectricSun\" width=\"40\" height=\"40\" \/>Luminozitatea<\/h6>\n<p>Se poate seta \u0219i ajusta intensitatea fl\u0103c\u0103rii \u00een 3 moduri diferite, ofer\u0103 utilizatorului posibilitatea de a seta luminozitatea perfect\u0103 \u00een func\u021bie de ambian\u021ba \u0219i preferin\u021be.<\/p>\n<h6><img loading=\"lazy\" decoding=\"async\" class=\"alignleft\" title=\"Focar electric cu infrarosu Clasic 23 inch ElectricSun\" src=\"https:\/\/electricsun.de\/wp-content\/uploads\/2022\/05\/speedometer.svg\" alt=\"Focar electric cu infrarosu Clasic 23 inch ElectricSun\" width=\"40\" height=\"40\" \/>Vitez\u0103<\/h6>\n<p>Flac\u0103ra are o vitez\u0103 real\u0103.<\/p>\n<h6><img loading=\"lazy\" decoding=\"async\" class=\"alignleft\" title=\"Focar electric cu infrarosu Clasic 23 inch ElectricSun\" src=\"https:\/\/electricsun.de\/wp-content\/uploads\/2022\/05\/telecomanda.svg\" alt=\"Focar electric cu infrarosu Clasic 23 inch ElectricSun\" width=\"40\" height=\"40\" \/>Telecomand\u0103<\/h6>\n<p>Pentru comoditate \u0219i controlul func\u021biilor.<\/p>\n","protected":false},"featured_media":9531,"comment_status":"open","ping_status":"closed","template":"","meta":{"footnotes":""},"product_brand":[],"product_cat":[691,693],"product_tag":[],"class_list":["post-35969","product","type-product","status-publish","has-post-thumbnail","product_cat-seminee-electrice-3d","product_cat-semineu-electric-incorporabil","first","outofstock","sale","taxable","shipping-taxable","purchasable","product-type-simple"],"tiered_pricing_type":"fixed","tiered_pricing_fixed_rules":[],"tiered_pricing_product_settings":{"layout":"default","base_unit_name":{"singular":null,"plural":null},"default_variation":null},"tiered_pricing_minimum_quantity":null,"tiered_pricing_roles_data":[],"tiered_pricing_percentage_rules":[],"_links":{"self":[{"href":"https:\/\/electricsun.de\/ro\/wp-json\/wp\/v2\/product\/35969","targetHints":{"allow":["GET"]}}],"collection":[{"href":"https:\/\/electricsun.de\/ro\/wp-json\/wp\/v2\/product"}],"about":[{"href":"https:\/\/electricsun.de\/ro\/wp-json\/wp\/v2\/types\/product"}],"replies":[{"embeddable":true,"href":"https:\/\/electricsun.de\/ro\/wp-json\/wp\/v2\/comments?post=35969"}],"version-history":[{"count":0,"href":"https:\/\/electricsun.de\/ro\/wp-json\/wp\/v2\/product\/35969\/revisions"}],"wp:featuredmedia":[{"embeddable":true,"href":"https:\/\/electricsun.de\/ro\/wp-json\/wp\/v2\/media\/9531"}],"wp:attachment":[{"href":"https:\/\/electricsun.de\/ro\/wp-json\/wp\/v2\/media?parent=35969"}],"wp:term":[{"taxonomy":"product_brand","embeddable":true,"href":"https:\/\/electricsun.de\/ro\/wp-json\/wp\/v2\/product_brand?post=35969"},{"taxonomy":"product_cat","embeddable":true,"href":"https:\/\/electricsun.de\/ro\/wp-json\/wp\/v2\/product_cat?post=35969"},{"taxonomy":"product_tag","embeddable":true,"href":"https:\/\/electricsun.de\/ro\/wp-json\/wp\/v2\/product_tag?post=35969"}],"curies":[{"name":"wp","href":"https:\/\/api.w.org\/{rel}","templated":true}]}}

<p><span style="color: #f37326;"><strong>Produs nou resigilat focar 23 inch:<br />
Varianta 1 pret 500 lei, grilă revopsită, fără cutie originală.<br />
(Produsul NOU fara nimic costa 990 lei.)</strong></span></p>
<h2>Avantaje Focar electric Clasic 23 inch ElectricSun:</h2>
<ul>
<li>Incorporabil în mobilier, perete sau alte obiecte;</li>
<li>Montaj ideal in orice loc: apartamente, birouri, case etc.</li>
<li>Panou frontal din sticla;</li>
<li>Focar de 23″ inch. 58,5 x 44 cm; Putere 1500W; Tensiunea de alimentare 230V;</li>
<li>Efect de flacără cu bușteni arzând și mulaj din jar; Efect 3D și realism clasic al flacării;</li>
<li>Flacără cu led 10W funcționează independent de încălzire, cu sau fără încălzire;</li>
<li>Flacăra are o culoare și are 5 trepte reglabile a luminozitații;</li>
</ul>
<h6><img decoding="async" class="alignleft wp-image-3856 size-thumbnail" title="Focar electric cu infrarosu Clasic 23 inch ElectricSun" src="https://electricsun.de/wp-content/uploads/2022/05/sunet.svg" alt="Focar electric cu infrarosu Clasic 23 inch ElectricSun" width="40" height="40" />Sunet incorporat</h6>
<p>Dispozitiv de sunet care imită trosnetul buștenilor și reproduce sunetul focului arzând, care are 5 setari si oprit/pornit separat de încălzire.</p>
<h6><img decoding="async" class="alignleft" title="Focar electric cu infrarosu Clasic 23 inch ElectricSun" src="https://electricsun.de/wp-content/uploads/2022/05/led.svg" alt="Focar electric cu infrarosu Clasic 23 inch ElectricSun" width="40" height="40" />Tehnologie LED – cu consum redus 10 W</h6>
<p>Tehnologia 3D LED incorporată în toate șemineele electrice 3D ElectricSun.</p>
<h6><img decoding="async" class="alignleft" title="Focar electric cu infrarosu Clasic 23 inch ElectricSun" src="https://electricsun.de/wp-content/uploads/2022/05/afisaj.svg" alt="Focar electric cu infrarosu Clasic 23 inch ElectricSun" width="40" height="40" />Afișaj</h6>
<p>Se controlează cu ajutorul telecomenzii sau a panoului de control, se aprinde și dispare.</p>
<h6><img loading="lazy" decoding="async" class="alignleft" title="Focar electric cu infrarosu Clasic 23 inch ElectricSun" src="https://electricsun.de/wp-content/uploads/2022/05/incalzire-termostat.svg" alt="Focar electric cu infrarosu Clasic 23 inch ElectricSun" width="40" height="40" />Încălzire cu termostat</h6>
<p>Încălzire cu infraroșu sănătoasă și ventilator. Termostat pentru setarea temperaturii, reglabil 15–40°C. Șemineul poate fi folosit cu sau fără căldură. </p>
<h6><img loading="lazy" decoding="async" class="alignleft" title="Focar electric cu infrarosu Clasic 23 inch ElectricSun" src="https://electricsun.de/wp-content/uploads/2022/05/sand-clock.svg" alt="Focar electric cu infrarosu Clasic 23 inch ElectricSun" width="40" height="40" />Functie Timer</h6>
<p>Se poate seta sa se opreasca automat de la 1 la 6 ore.</p>
<h6><img loading="lazy" decoding="async" class="alignleft wp-image-3143" title="Focar electric cu infrarosu Clasic 23 inch ElectricSun" src="https://electricsun.de/wp-content/uploads/2022/05/efect-flacara.svg" alt="Focar electric cu infrarosu Clasic 23 inch ElectricSun" width="40" height="40" />Efect de flacără clasic</h6>
<p>Este o tehnologie cu cel mai real efect de flacără clasică. Noua tehnologie oferă o experiență utilizatorului fără precedent.</p>
<h6><img loading="lazy" decoding="async" class="alignleft" title="Focar electric cu infrarosu Clasic 23 inch ElectricSun" src="https://electricsun.de/wp-content/uploads/2022/05/luminozitate.svg" alt="Focar electric cu infrarosu Clasic 23 inch ElectricSun" width="40" height="40" />Luminozitatea</h6>
<p>Se poate seta și ajusta intensitatea flăcării în 3 moduri diferite, oferă utilizatorului posibilitatea de a seta luminozitatea perfectă în funcție de ambianța și preferințe.</p>
<h6><img loading="lazy" decoding="async" class="alignleft" title="Focar electric cu infrarosu Clasic 23 inch ElectricSun" src="https://electricsun.de/wp-content/uploads/2022/05/speedometer.svg" alt="Focar electric cu infrarosu Clasic 23 inch ElectricSun" width="40" height="40" />Viteză</h6>
<p>Flacăra are o viteză reală.</p>
<h6><img loading="lazy" decoding="async" class="alignleft" title="Focar electric cu infrarosu Clasic 23 inch ElectricSun" src="https://electricsun.de/wp-content/uploads/2022/05/telecomanda.svg" alt="Focar electric cu infrarosu Clasic 23 inch ElectricSun" width="40" height="40" />Telecomandă</h6>
<p>Pentru comoditate și controlul funcțiilor.</p>
