{"id":9867,"date":"2021-04-14T09:04:21","date_gmt":"2021-04-14T07:04:21","guid":{"rendered":"https:\/\/electricsun.de\/shop\/elektromos-kandallo-feher-tux-electricsun\/"},"modified":"2026-03-03T12:41:01","modified_gmt":"2026-03-03T10:41:01","slug":"elektromos-kandallo-feher-tux-electricsun","status":"publish","type":"product","link":"https:\/\/electricsun.de\/hu\/shop\/elektromos-kandallo-feher-tux-electricsun\/","title":{"rendered":"Elektromos kandall\u00f3, TUX feh\u00e9r, ElectricSun, hanghat\u00e1ssal, 3 sz\u00edn, telefonos alkalmaz\u00e1ssal, SZ110xM102cm"},"content":{"rendered":"<p>Tapasztalja meg az elegancia megtestes\u00fcl\u00e9s\u00e9t az <strong>ElectricSun TUX feh\u00e9r elektromos kandall\u00f3val<\/strong>, egy leny\u0171g\u00f6z\u0151 k\u00f6zponti elem, amely b\u00e1rmely teret a meghitts\u00e9g \u00e9s az elegancia szent\u00e9ly\u00e9v\u00e9 v\u00e1ltoztat.<br \/>\nMakul\u00e1tlan feh\u00e9r fel\u00fclete kifinomults\u00e1got \u00e1raszt, m\u00edg a var\u00e1zslatos l\u00e1ngok h\u00edvogat\u00f3 hangulatot teremtenek, t\u00f6k\u00e9letes meghitt \u00f6sszej\u00f6vetelekhez vagy nyugodt est\u00e9khez.<br \/>\nK\u00e9nyeztesse mag\u00e1t a modern diz\u00e1jn \u00e9s az id\u0151tlen b\u00e1j t\u00f6k\u00e9letes kever\u00e9k\u00e9vel, amely egy csipetnyi luxussal f\u0171szerezi otthon\u00e1t.<\/p>\n","protected":false},"excerpt":{"rendered":"<h2>TUX ElectricSun feh\u00e9r elektromos kandall\u00f3 el\u0151nyei:<\/h2>\n<ul>\n<li>A fels\u0151 el\u00fcls\u0151 darabnak (B darab) k\u00e9t oldala van, tetsz\u00e9s szerint lehet felszerelni.<\/li>\n<li>Var\u00e1zsoljon kellemes, meghitt hangulatot otthon\u00e1ba minden \u00e9vszakban a TUX ElectricSun elektromos kandall\u00f3val!<\/li>\n<li>Szabadon \u00e1ll\u00f3 kivitelez\u00e9s\u00e9nek k\u00f6sz\u00f6nhet\u0151en k\u00f6nnyen \u00e9s gyorsan \u00f6sszeszerelhet\u0151 komolyabb \u00e1talak\u00edt\u00e1sok n\u00e9lk\u00fcl a lak\u00e1sban.<\/li>\n<li><strong>Gyorsan \u00e9s egyszer\u0171en be\u00fczemelhet\u0151,egyszer\u0171 \u00f6sszeszerel\u00e9s;<\/strong><\/li>\n<li>Kiv\u00e1l\u00f3 min\u0151s\u00e9g\u0171 furn\u00e9r kivitel, k\u00fcl\u00f6nleges kandall\u00f3kerettel<\/li>\n<li>Be\u00e9p\u00edtett 23 h\u00fcvelykes f\u0171t\u0151test (58,5 x 44 cm); 1800W teljes\u00edtm\u00e9ny; 230V;<\/li>\n<li><strong>Meghitt hangulatot teremt\u0151, realisztikus, 3D l\u00e1nghat\u00e1ssal;<\/strong><\/li>\n<li>A 10 Watt-os LED l\u00e1ng a h\u0151kibocs\u00e1t\u00e1st\u00f3l f\u00fcggetlen\u00fcl m\u0171k\u00f6dik, f\u0171t\u00e9ssel vagy an\u00e9lk\u00fcl;<\/li>\n<li><strong>\u00c1ll\u00edthat\u00f3 5 f\u00e9nyer\u0151ss\u00e9ggel \u00e9s 3 k\u00fcl\u00f6nb\u00f6z\u0151 sz\u00ednbe\u00e1ll\u00edt\u00e1ssal.<\/strong><\/li>\n<\/ul>\n<h6><img decoding=\"async\" class=\"alignleft size-full wp-image-22195\" title=\"Elektromos kandall\u00f3 MARISA fekete matt ElectricSun\" src=\"https:\/\/electricsun.de\/wp-content\/uploads\/2024\/03\/application.svg\" alt=\"Elektromos kandall\u00f3 MARISA fekete matt ElectricSun\" width=\"40\" height=\"40\" \/>Mobilalkalmaz\u00e1ssal rendelkezik: TUYA <img decoding=\"async\" class=\"alignnone size-full wp-image-22195\" src=\"https:\/\/electricsun.de\/wp-content\/uploads\/2024\/04\/tuya-app.png\" alt=\"Elektromos kandall\u00f3 MARISA fekete matt ElectricSun\" width=\"30px\" \/>vagy Smart Life <img decoding=\"async\" class=\"alignnone size-full wp-image-22195\" src=\"https:\/\/electricsun.de\/wp-content\/uploads\/2024\/04\/Smart-Life.png\" alt=\"Elektromos kandall\u00f3 MARISA fekete matt ElectricSun\" width=\"30px\" \/> \u00e9s hangos seg\u00e9d funkci\u00f3val az Amazon Alexa <img decoding=\"async\" class=\"alignnone size-full wp-image-22195\" src=\"https:\/\/electricsun.de\/wp-content\/uploads\/2025\/02\/Amazon-ALEXA.png\" alt=\"Elektromos kandall\u00f3 MARISA fekete matt ElectricSun\" width=\"30px\" \/> vagy a Google Seg\u00e9d \u00e1ltal <img decoding=\"async\" class=\"alignnone size-full wp-image-22195\" src=\"https:\/\/electricsun.de\/wp-content\/uploads\/2025\/02\/GOOGLE-Assistant.png\" alt=\"Elektromos kandall\u00f3 MARISA fekete matt ElectricSun\" width=\"30px\" \/><\/h6>\n<p>A kandall\u00f3 be\u00e9p\u00edtett Wi-Fi modullal rendelkezik, amely az otthoni \u00fatv\u00e1laszt\u00f3n kereszt\u00fcl csatlakozik az Internethez, majd okostelefonr\u00f3l vagy t\u00e1blag\u00e9pr\u0151l vez\u00e9relhet\u0151.<\/p>\n<h6><img decoding=\"async\" class=\"alignleft wp-image-3856 size-thumbnail\" title=\"Elektromos kandall\u00f3 MARISA fekete matt ElectricSun\" src=\"https:\/\/electricsun.de\/wp-content\/uploads\/2022\/05\/sunet.svg\" alt=\"Elektromos kandall\u00f3 MARISA fekete matt ElectricSun\" width=\"40\" height=\"40\" \/>Be\u00e9p\u00edtett hanghat\u00e1ssal:<\/h6>\n<p>\u00c9lje \u00e1t a pattog\u00f3 r\u00f6nk\u00f6k \u00e9s a t\u0171zropog\u00e1s megnyugtat\u00f3 hangulat\u00e1t a be\u00e9p\u00edtett hanghat\u00e1ssal, ak\u00e1r f\u0171t\u00e9s n\u00e9lk\u00fcl.<\/p>\n<h6><img decoding=\"async\" class=\"alignleft\" title=\"elektromos kandall\u00f3 TUX ElectricSun a be\u00e9p\u00edthet\u0151 elektromos kandall\u00f3\" src=\"https:\/\/electricsun.de\/wp-content\/uploads\/2022\/05\/led.svg\" alt=\"elektromos kandall\u00f3 TUX ElectricSun a be\u00e9p\u00edthet\u0151 elektromos kandall\u00f3\" width=\"40\" height=\"40\" \/>LED technol\u00f3gia \u2013 alacsony, 10 W-os fogyaszt\u00e1ssal:<\/h6>\n<p>Minden ElectricSun elektromos kandall\u00f3 3D LED technol\u00f3gi\u00e1val rendelkezik.<\/p>\n<h6><img loading=\"lazy\" decoding=\"async\" class=\"alignleft\" title=\"elektromos kandall\u00f3 TUX ElectricSun a be\u00e9p\u00edthet\u0151 elektromos kandall\u00f3\" src=\"https:\/\/electricsun.de\/wp-content\/uploads\/2022\/05\/afisaj.svg\" alt=\"elektromos kandall\u00f3 TUX ElectricSun a be\u00e9p\u00edthet\u0151 elektromos kandall\u00f3\" width=\"40\" height=\"40\" \/>K\u00f6nny\u0171 vez\u00e9relhet\u0151s\u00e9g:<\/h6>\n<p>Ir\u00e1ny\u00edtsa k\u00e9nyelmesen a mell\u00e9kelt hordozhat\u00f3 t\u00e1vir\u00e1ny\u00edt\u00f3 seg\u00edts\u00e9g\u00e9vel, vagy k\u00f6zvetlen\u00fcl a be\u00e9p\u00edtett kezel\u0151panel seg\u00edts\u00e9g\u00e9vel.<\/p>\n<h6><img loading=\"lazy\" decoding=\"async\" class=\"alignleft\" title=\"elektromos kandall\u00f3 TUX ElectricSun a be\u00e9p\u00edthet\u0151 elektromos kandall\u00f3\" src=\"https:\/\/electricsun.de\/wp-content\/uploads\/2022\/05\/incalzire-termostat.svg\" alt=\"elektromos kandall\u00f3 TUX ElectricSun a be\u00e9p\u00edthet\u0151 elektromos kandall\u00f3\" width=\"40\" height=\"40\" \/>F\u0171t\u00e9s termoszt\u00e1ttal:<\/h6>\n<p>Hat\u00e9kony f\u0171t\u00e9s min\u0151s\u00e9gi l\u00e9gmeleg\u00edt\u0151vel. Szab\u00e1lyozza a h\u0151m\u00e9rs\u00e9kletet egyszer\u0171en! A kandall\u00f3 f\u0171t\u00e9ssel vagy an\u00e9lk\u00fcl is haszn\u00e1lhat\u00f3.<\/p>\n<h6><img loading=\"lazy\" decoding=\"async\" class=\"alignleft\" title=\"elektromos kandall\u00f3 TUX ElectricSun a be\u00e9p\u00edthet\u0151 elektromos kandall\u00f3\" src=\"https:\/\/electricsun.de\/wp-content\/uploads\/2022\/05\/sand-clock.svg\" alt=\"elektromos kandall\u00f3 TUX ElectricSun a be\u00e9p\u00edthet\u0151 elektromos kandall\u00f3\" width=\"40\" height=\"40\" \/>Id\u0151z\u00edt\u0151 funkci\u00f3:<\/h6>\n<p>A szab\u00e1lyozhat\u00f3 id\u0151z\u00edt\u0151 el\u0151re programozhat\u00f3 arra, hogy 1-8 \u00f3ra ut\u00e1n automatikusan le\u00e1lljon.<\/p>\n<h6><img loading=\"lazy\" decoding=\"async\" class=\"alignleft wp-image-3143\" title=\"elektromos kandall\u00f3 TUX ElectricSun a be\u00e9p\u00edthet\u0151 elektromos kandall\u00f3\" src=\"https:\/\/electricsun.de\/wp-content\/uploads\/2022\/05\/efect-flacara.svg\" alt=\"elektromos kandall\u00f3 TUX ElectricSun a be\u00e9p\u00edthet\u0151 elektromos kandall\u00f3\" width=\"40\" height=\"40\" \/>\u00c9leth\u0171 l\u00e1nghat\u00e1ssal:<\/h6>\n<p>A t\u00f6k\u00e9letes, nyugodt hangulat megteremt\u00e9s\u00e9hez.<\/p>\n<h6><img loading=\"lazy\" decoding=\"async\" class=\"alignleft\" title=\"elektromos kandall\u00f3 TUX ElectricSun a be\u00e9p\u00edthet\u0151 elektromos kandall\u00f3\" src=\"https:\/\/electricsun.de\/wp-content\/uploads\/2022\/05\/luminozitate.svg\" alt=\"elektromos kandall\u00f3 TUX ElectricSun a be\u00e9p\u00edthet\u0151 elektromos kandall\u00f3\" width=\"40\" height=\"40\" \/>\u00c1ll\u00edthat\u00f3 f\u00e9nyer\u0151:<\/h6>\n<p>Szab\u00e1lyozhat\u00f3 l\u00e1ngintenzit\u00e1s 5 k\u00fcl\u00f6nb\u00f6z\u0151 be\u00e1ll\u00edt\u00e1sban, lehet\u0151v\u00e9 t\u00e9ve a t\u00f6k\u00e9letes f\u00e9nyer\u0151-be\u00e1ll\u00edt\u00e1st a k\u00f6rnyezet \u00e9s az \u00d6n ig\u00e9nyeinek megfelel\u0151en!<\/p>\n<h6><img loading=\"lazy\" decoding=\"async\" class=\"alignleft\" title=\"elektromos kandall\u00f3 TUX ElectricSun a be\u00e9p\u00edthet\u0151 elektromos kandall\u00f3\" src=\"https:\/\/electricsun.de\/wp-content\/uploads\/2022\/05\/speedometer.svg\" alt=\"elektromos kandall\u00f3 TUX ElectricSun a be\u00e9p\u00edthet\u0151 elektromos kandall\u00f3\" width=\"40\" height=\"40\" \/>Sebess\u00e9g<\/h6>\n<p>A l\u00e1ngnak \u00e9leth\u0171 sebess\u00e9ge van.<\/p>\n<h6><img loading=\"lazy\" decoding=\"async\" class=\"alignleft\" title=\"elektromos kandall\u00f3 TUX ElectricSun a be\u00e9p\u00edthet\u0151 elektromos kandall\u00f3\" src=\"https:\/\/electricsun.de\/wp-content\/uploads\/2022\/05\/telecomanda.svg\" alt=\"elektromos kandall\u00f3 TUX ElectricSun a be\u00e9p\u00edthet\u0151 elektromos kandall\u00f3\" width=\"40\" height=\"40\" \/>T\u00e1vir\u00e1ny\u00edt\u00f3<\/h6>\n<p>A funkci\u00f3k k\u00e9nyelmes vez\u00e9rl\u00e9se \u00e9rdek\u00e9ben.<\/p>\n","protected":false},"featured_media":62808,"comment_status":"open","ping_status":"closed","template":"","meta":{"footnotes":""},"product_brand":[],"product_cat":[4856],"product_tag":[],"class_list":["post-9867","product","type-product","status-publish","has-post-thumbnail","product_cat-elektromos-kandallo","first","instock","taxable","shipping-taxable","purchasable","product-type-simple"],"tiered_pricing_type":"fixed","tiered_pricing_fixed_rules":[],"tiered_pricing_product_settings":{"layout":"default","base_unit_name":{"singular":null,"plural":null},"default_variation":null},"tiered_pricing_minimum_quantity":null,"tiered_pricing_roles_data":[],"tiered_pricing_percentage_rules":[],"_links":{"self":[{"href":"https:\/\/electricsun.de\/hu\/wp-json\/wp\/v2\/product\/9867","targetHints":{"allow":["GET"]}}],"collection":[{"href":"https:\/\/electricsun.de\/hu\/wp-json\/wp\/v2\/product"}],"about":[{"href":"https:\/\/electricsun.de\/hu\/wp-json\/wp\/v2\/types\/product"}],"replies":[{"embeddable":true,"href":"https:\/\/electricsun.de\/hu\/wp-json\/wp\/v2\/comments?post=9867"}],"version-history":[{"count":0,"href":"https:\/\/electricsun.de\/hu\/wp-json\/wp\/v2\/product\/9867\/revisions"}],"wp:featuredmedia":[{"embeddable":true,"href":"https:\/\/electricsun.de\/hu\/wp-json\/wp\/v2\/media\/62808"}],"wp:attachment":[{"href":"https:\/\/electricsun.de\/hu\/wp-json\/wp\/v2\/media?parent=9867"}],"wp:term":[{"taxonomy":"product_brand","embeddable":true,"href":"https:\/\/electricsun.de\/hu\/wp-json\/wp\/v2\/product_brand?post=9867"},{"taxonomy":"product_cat","embeddable":true,"href":"https:\/\/electricsun.de\/hu\/wp-json\/wp\/v2\/product_cat?post=9867"},{"taxonomy":"product_tag","embeddable":true,"href":"https:\/\/electricsun.de\/hu\/wp-json\/wp\/v2\/product_tag?post=9867"}],"curies":[{"name":"wp","href":"https:\/\/api.w.org\/{rel}","templated":true}]}}

Elektromos kandalló, TUX fehér, ElectricSun, hanghatással, 3 szín, telefonos alkalmazással, SZ110xM102cm

<p>Tapasztalja meg az elegancia megtestesülését az <strong>ElectricSun TUX fehér elektromos kandallóval</strong>, egy lenyűgöző központi elem, amely bármely teret a meghittség és az elegancia szentélyévé változtat.<br />
Makulátlan fehér felülete kifinomultságot áraszt, míg a varázslatos lángok hívogató hangulatot teremtenek, tökéletes meghitt összejövetelekhez vagy nyugodt estékhez.<br />
Kényeztesse magát a modern dizájn és az időtlen báj tökéletes keverékével, amely egy csipetnyi luxussal fűszerezi otthonát.</p>

<h2>TUX ElectricSun fehér elektromos kandalló előnyei:</h2>
<ul>
<li>A felső elülső darabnak (B darab) két oldala van, tetszés szerint lehet felszerelni.</li>
<li>Varázsoljon kellemes, meghitt hangulatot otthonába minden évszakban a TUX ElectricSun elektromos kandallóval!</li>
<li>Szabadon álló kivitelezésének köszönhetően könnyen és gyorsan összeszerelhető komolyabb átalakítások nélkül a lakásban.</li>
<li><strong>Gyorsan és egyszerűen beüzemelhető,egyszerű összeszerelés;</strong></li>
<li>Kiváló minőségű furnér kivitel, különleges kandallókerettel</li>
<li>Beépített 23 hüvelykes fűtőtest (58,5 x 44 cm); 1800W teljesítmény; 230V;</li>
<li><strong>Meghitt hangulatot teremtő, realisztikus, 3D lánghatással;</strong></li>
<li>A 10 Watt-os LED láng a hőkibocsátástól függetlenül működik, fűtéssel vagy anélkül;</li>
<li><strong>Állítható 5 fényerősséggel és 3 különböző színbeállítással.</strong></li>
</ul>
<h6><img decoding="async" class="alignleft size-full wp-image-22195" title="Elektromos kandalló MARISA fekete matt ElectricSun" src="https://electricsun.de/wp-content/uploads/2024/03/application.svg" alt="Elektromos kandalló MARISA fekete matt ElectricSun" width="40" height="40" />Mobilalkalmazással rendelkezik: TUYA <img decoding="async" class="alignnone size-full wp-image-22195" src="https://electricsun.de/wp-content/uploads/2024/04/tuya-app.png" alt="Elektromos kandalló MARISA fekete matt ElectricSun" width="30px" />vagy Smart Life <img decoding="async" class="alignnone size-full wp-image-22195" src="https://electricsun.de/wp-content/uploads/2024/04/Smart-Life.png" alt="Elektromos kandalló MARISA fekete matt ElectricSun" width="30px" /> és hangos segéd funkcióval az Amazon Alexa <img decoding="async" class="alignnone size-full wp-image-22195" src="https://electricsun.de/wp-content/uploads/2025/02/Amazon-ALEXA.png" alt="Elektromos kandalló MARISA fekete matt ElectricSun" width="30px" /> vagy a Google Segéd által <img decoding="async" class="alignnone size-full wp-image-22195" src="https://electricsun.de/wp-content/uploads/2025/02/GOOGLE-Assistant.png" alt="Elektromos kandalló MARISA fekete matt ElectricSun" width="30px" /></h6>
<p>A kandalló beépített Wi-Fi modullal rendelkezik, amely az otthoni útválasztón keresztül csatlakozik az Internethez, majd okostelefonról vagy táblagépről vezérelhető.</p>
<h6><img decoding="async" class="alignleft wp-image-3856 size-thumbnail" title="Elektromos kandalló MARISA fekete matt ElectricSun" src="https://electricsun.de/wp-content/uploads/2022/05/sunet.svg" alt="Elektromos kandalló MARISA fekete matt ElectricSun" width="40" height="40" />Beépített hanghatással:</h6>
<p>Élje át a pattogó rönkök és a tűzropogás megnyugtató hangulatát a beépített hanghatással, akár fűtés nélkül.</p>
<h6><img decoding="async" class="alignleft" title="elektromos kandalló TUX ElectricSun a beépíthető elektromos kandalló" src="https://electricsun.de/wp-content/uploads/2022/05/led.svg" alt="elektromos kandalló TUX ElectricSun a beépíthető elektromos kandalló" width="40" height="40" />LED technológia – alacsony, 10 W-os fogyasztással:</h6>
<p>Minden ElectricSun elektromos kandalló 3D LED technológiával rendelkezik.</p>
<h6><img loading="lazy" decoding="async" class="alignleft" title="elektromos kandalló TUX ElectricSun a beépíthető elektromos kandalló" src="https://electricsun.de/wp-content/uploads/2022/05/afisaj.svg" alt="elektromos kandalló TUX ElectricSun a beépíthető elektromos kandalló" width="40" height="40" />Könnyű vezérelhetőség:</h6>
<p>Irányítsa kényelmesen a mellékelt hordozható távirányító segítségével, vagy közvetlenül a beépített kezelőpanel segítségével.</p>
<h6><img loading="lazy" decoding="async" class="alignleft" title="elektromos kandalló TUX ElectricSun a beépíthető elektromos kandalló" src="https://electricsun.de/wp-content/uploads/2022/05/incalzire-termostat.svg" alt="elektromos kandalló TUX ElectricSun a beépíthető elektromos kandalló" width="40" height="40" />Fűtés termosztáttal:</h6>
<p>Hatékony fűtés minőségi légmelegítővel. Szabályozza a hőmérsékletet egyszerűen! A kandalló fűtéssel vagy anélkül is használható.</p>
<h6><img loading="lazy" decoding="async" class="alignleft" title="elektromos kandalló TUX ElectricSun a beépíthető elektromos kandalló" src="https://electricsun.de/wp-content/uploads/2022/05/sand-clock.svg" alt="elektromos kandalló TUX ElectricSun a beépíthető elektromos kandalló" width="40" height="40" />Időzítő funkció:</h6>
<p>A szabályozható időzítő előre programozható arra, hogy 1-8 óra után automatikusan leálljon.</p>
<h6><img loading="lazy" decoding="async" class="alignleft wp-image-3143" title="elektromos kandalló TUX ElectricSun a beépíthető elektromos kandalló" src="https://electricsun.de/wp-content/uploads/2022/05/efect-flacara.svg" alt="elektromos kandalló TUX ElectricSun a beépíthető elektromos kandalló" width="40" height="40" />Élethű lánghatással:</h6>
<p>A tökéletes, nyugodt hangulat megteremtéséhez.</p>
<h6><img loading="lazy" decoding="async" class="alignleft" title="elektromos kandalló TUX ElectricSun a beépíthető elektromos kandalló" src="https://electricsun.de/wp-content/uploads/2022/05/luminozitate.svg" alt="elektromos kandalló TUX ElectricSun a beépíthető elektromos kandalló" width="40" height="40" />Állítható fényerő:</h6>
<p>Szabályozható lángintenzitás 5 különböző beállításban, lehetővé téve a tökéletes fényerő-beállítást a környezet és az Ön igényeinek megfelelően!</p>
<h6><img loading="lazy" decoding="async" class="alignleft" title="elektromos kandalló TUX ElectricSun a beépíthető elektromos kandalló" src="https://electricsun.de/wp-content/uploads/2022/05/speedometer.svg" alt="elektromos kandalló TUX ElectricSun a beépíthető elektromos kandalló" width="40" height="40" />Sebesség</h6>
<p>A lángnak élethű sebessége van.</p>
<h6><img loading="lazy" decoding="async" class="alignleft" title="elektromos kandalló TUX ElectricSun a beépíthető elektromos kandalló" src="https://electricsun.de/wp-content/uploads/2022/05/telecomanda.svg" alt="elektromos kandalló TUX ElectricSun a beépíthető elektromos kandalló" width="40" height="40" />Távirányító</h6>
<p>A funkciók kényelmes vezérlése érdekében.</p>
