{"id":9653,"date":"2019-03-30T18:06:33","date_gmt":"2019-03-30T16:06:33","guid":{"rendered":"https:\/\/electricsun.de\/shop\/ventilatorok-air-cooler-electricsun-80w-hordozhato-belteri-kulteri-leghuto\/"},"modified":"2025-10-30T11:00:46","modified_gmt":"2025-10-30T09:00:46","slug":"ventilatorok-air-cooler-electricsun-80w-hordozhato-belteri-kulteri-leghuto","status":"publish","type":"product","link":"https:\/\/electricsun.de\/hu\/shop\/ventilatorok-air-cooler-electricsun-80w-hordozhato-belteri-kulteri-leghuto\/","title":{"rendered":"Hordozhat\u00f3 belt\u00e9ri k\u00fclt\u00e9ri l\u00e9gh\u0171t\u0151 ventil\u00e1torok, Air Cooler, ElectricSun, 80W, 31x44xM88cm"},"content":{"rendered":"","protected":false},"excerpt":{"rendered":"<p>&nbsp;<\/p>\n<h2><em>El\u0151ny\u00f6ket ventil\u00e1torok air cooler ElectricSun 80W hordozhat\u00f3 belt\u00e9ri k\u00fclt\u00e9ri l\u00e9gh\u0171t\u0151 31x44xH88cm:<\/em><\/h2>\n<ul>\n<li>Ez a term\u00e9k hordozhat\u00f3-mobil, kerekekkel rendelkezik, k\u00f6nny\u0171, 8 kg v\u00edz n\u00e9lk\u00fcl, m\u00e9rete 31x44x H 88cm;<\/li>\n<li>Ezt fel lehet haszn\u00e1lni mind belt\u00e9ren, mind a szabadban;<\/li>\n<li>Nem ig\u00e9nyel telep\u00edt\u00e9st, csatlakoztat\u00e1svagy kipufog\u00f3; Nem ig\u00e9nyel karbantart\u00e1st, fel\u00fclvizsg\u00e1latokat;<\/li>\n<li>Egyszer\u0171 telep\u00edt\u00e9s, helyezze be a dug\u00f3t a 230V-os aljzatba;<\/li>\n<li>Alacsony a fogyaszt\u00e1sa, csak 80 watt;<\/li>\n<li><strong><span style=\"color: #f37324;font-size: 15px\">Kevesebb, mint 1 Kw\/nap!<\/span><\/strong><\/li>\n<li><strong><span style=\"color: #f37324;font-size: 15px\">A l\u00e9gh\u0171t\u0151 k\u00f6lts\u00e9g\u00e9t a ny\u00e1ri fogyaszt\u00e1sk\u00fcl\u00f6nbs\u00e9ggel kell amortiz\u00e1lj\u00e1k;<\/span><\/strong><\/li>\n<li>Eg\u00e9szs\u00e9ges akklimatiz\u00e1ci\u00f3, leh\u0171l, szell\u0151zteti, felfriss\u00edti \u00e9s p\u00e1r\u00e1s\u00edtja a leveg\u0151t, eg\u00e9szs\u00e9ges k\u00f6rnyezetet teremt, ter\u00e1pi\u00e1s hat\u00e1st fejt ki <strong>az ElectricSun\u00ae<\/strong>, porsz\u0171r\u0151vel;<\/li>\n<li>Aj\u00e1nlott azok sz\u00e1m\u00e1ra, akik nem t\u00e1mogatj\u00e1k a l\u00e9gkondicion\u00e1l\u00f3, ElectricSun p\u00e1rolg\u00e1s l\u00e9gh\u0171t\u0151 lehet haszn\u00e1lni nyitott ablakok;<\/li>\n<li>3 sebess\u00e9ge van, a l\u00e9g\u00e1raml\u00e1s ir\u00e1nya balra-jobbra vagy felfel\u00e9 vagy automatikusan \u00e1ll\u00edthat\u00f3;<\/li>\n<li>Ez birtokol egy t\u00e1vir\u00e1ny\u00edt\u00f3 \u00e9s id\u0151z\u00edt\u0151 valameddig 7.5 \u00f3ra;<\/li>\n<li>A 12 literes tart\u00e1lyban v\u00edz n\u00e9lk\u00fcl vagy v\u00edzzel is m\u0171k\u00f6dhet; Rendk\u00edv\u00fcl forr\u00f3 napokon n\u00f6velheti a h\u0171t\u00e9si teljes\u00edtm\u00e9nyt az\u00e1ltal, hogy j\u00e9gkock\u00e1kat ad a tart\u00e1lyhoz;<\/li>\n<\/ul>\n<h6><img fetchpriority=\"high\" decoding=\"async\" class=\"alignleft wp-image-3856 size-thumbnail\" title=\"Ventil\u00e1torok Air Cooler ElectricSun 80W hordozhat\u00f3 belt\u00e9ri k\u00fclt\u00e9ri L\u00e9gh\u0171t\u0151\" src=\"https:\/\/www.electricsun.de\/wp-content\/uploads\/2019\/03\/Racitor-de-aer-prin-evaporare-ElectricSun-ES80W-1000-in-pag.jpg\" alt=\"Ventil\u00e1torok Air Cooler ElectricSun 80W hordozhat\u00f3 belt\u00e9ri k\u00fclt\u00e9ri L\u00e9gh\u0171t\u0151\" width=\"1000\" height=\"1000\" \/><\/h6>\n","protected":false},"featured_media":16368,"comment_status":"open","ping_status":"closed","template":"","meta":{"footnotes":""},"product_brand":[],"product_cat":[683,681],"product_tag":[],"class_list":["post-9653","product","type-product","status-publish","has-post-thumbnail","product_cat-thermostats","product_cat-luftkuehler-aircooler","first","outofstock","taxable","shipping-taxable","purchasable","product-type-simple"],"tiered_pricing_type":"fixed","tiered_pricing_fixed_rules":[],"tiered_pricing_product_settings":{"layout":"default","base_unit_name":{"singular":null,"plural":null},"default_variation":null},"tiered_pricing_minimum_quantity":null,"tiered_pricing_roles_data":[],"tiered_pricing_percentage_rules":[],"_links":{"self":[{"href":"https:\/\/electricsun.de\/hu\/wp-json\/wp\/v2\/product\/9653","targetHints":{"allow":["GET"]}}],"collection":[{"href":"https:\/\/electricsun.de\/hu\/wp-json\/wp\/v2\/product"}],"about":[{"href":"https:\/\/electricsun.de\/hu\/wp-json\/wp\/v2\/types\/product"}],"replies":[{"embeddable":true,"href":"https:\/\/electricsun.de\/hu\/wp-json\/wp\/v2\/comments?post=9653"}],"version-history":[{"count":0,"href":"https:\/\/electricsun.de\/hu\/wp-json\/wp\/v2\/product\/9653\/revisions"}],"wp:featuredmedia":[{"embeddable":true,"href":"https:\/\/electricsun.de\/hu\/wp-json\/wp\/v2\/media\/16368"}],"wp:attachment":[{"href":"https:\/\/electricsun.de\/hu\/wp-json\/wp\/v2\/media?parent=9653"}],"wp:term":[{"taxonomy":"product_brand","embeddable":true,"href":"https:\/\/electricsun.de\/hu\/wp-json\/wp\/v2\/product_brand?post=9653"},{"taxonomy":"product_cat","embeddable":true,"href":"https:\/\/electricsun.de\/hu\/wp-json\/wp\/v2\/product_cat?post=9653"},{"taxonomy":"product_tag","embeddable":true,"href":"https:\/\/electricsun.de\/hu\/wp-json\/wp\/v2\/product_tag?post=9653"}],"curies":[{"name":"wp","href":"https:\/\/api.w.org\/{rel}","templated":true}]}}

Hordozható beltéri kültéri léghűtő ventilátorok, Air Cooler, ElectricSun, 80W, 31x44xM88cm

<p>&nbsp;</p>
<h2><em>Előnyöket ventilátorok air cooler ElectricSun 80W hordozható beltéri kültéri léghűtő 31x44xH88cm:</em></h2>
<ul>
<li>Ez a termék hordozható-mobil, kerekekkel rendelkezik, könnyű, 8 kg víz nélkül, mérete 31x44x H 88cm;</li>
<li>Ezt fel lehet használni mind beltéren, mind a szabadban;</li>
<li>Nem igényel telepítést, csatlakoztatásvagy kipufogó; Nem igényel karbantartást, felülvizsgálatokat;</li>
<li>Egyszerű telepítés, helyezze be a dugót a 230V-os aljzatba;</li>
<li>Alacsony a fogyasztása, csak 80 watt;</li>
<li><strong><span style="color: #f37324;font-size: 15px">Kevesebb, mint 1 Kw/nap!</span></strong></li>
<li><strong><span style="color: #f37324;font-size: 15px">A léghűtő költségét a nyári fogyasztáskülönbséggel kell amortizálják;</span></strong></li>
<li>Egészséges akklimatizáció, lehűl, szellőzteti, felfrissíti és párásítja a levegőt, egészséges környezetet teremt, terápiás hatást fejt ki <strong>az ElectricSun®</strong>, porszűrővel;</li>
<li>Ajánlott azok számára, akik nem támogatják a légkondicionáló, ElectricSun párolgás léghűtő lehet használni nyitott ablakok;</li>
<li>3 sebessége van, a légáramlás iránya balra-jobbra vagy felfelé vagy automatikusan állítható;</li>
<li>Ez birtokol egy távirányító és időzítő valameddig 7.5 óra;</li>
<li>A 12 literes tartályban víz nélkül vagy vízzel is működhet; Rendkívül forró napokon növelheti a hűtési teljesítményt azáltal, hogy jégkockákat ad a tartályhoz;</li>
</ul>
<h6><img fetchpriority="high" decoding="async" class="alignleft wp-image-3856 size-thumbnail" title="Ventilátorok Air Cooler ElectricSun 80W hordozható beltéri kültéri Léghűtő" src="https://www.electricsun.de/wp-content/uploads/2019/03/Racitor-de-aer-prin-evaporare-ElectricSun-ES80W-1000-in-pag.jpg" alt="Ventilátorok Air Cooler ElectricSun 80W hordozható beltéri kültéri Léghűtő" width="1000" height="1000" /></h6>
