{"id":9593,"date":"2020-04-17T16:37:52","date_gmt":"2020-04-17T13:37:52","guid":{"rendered":"https:\/\/electricsun.de\/shop\/elektromos-kandallo-hanna-barna-electricsun\/"},"modified":"2025-10-30T11:00:43","modified_gmt":"2025-10-30T09:00:43","slug":"elektromos-kandallo-hanna-barna-electricsun","status":"publish","type":"product","link":"https:\/\/electricsun.de\/hu\/shop\/elektromos-kandallo-hanna-barna-electricsun\/","title":{"rendered":"Elektromos kandall\u00f3, Hanna barna, ElectricSun, SZ110xM102cm"},"content":{"rendered":"","protected":false},"excerpt":{"rendered":"<h2>Hanna ElectricSun elektromos kandall\u00f3 el\u0151nyei:<\/h2>\n<ul>\n<li>Var\u00e1zsoljon kellemes, meghitt hangulatot otthon\u00e1ba minden \u00e9vszakban a Hanna ElectricSun elektromos kandall\u00f3val!<\/li>\n<li>Az infrav\u00f6r\u00f6s f\u0171t\u00e9snek h\u00e1la a kandall\u00f3 nem csak a leveg\u0151t, de a t\u00e1rgyakat is felmeleg\u00edti otthon\u00e1ban! T\u00f6k\u00e9letes megold\u00e1s, ha hosszantart\u00f3 melegre v\u00e1gyik!<\/li>\n<li>Szabadon \u00e1ll\u00f3 kivitelez\u00e9s\u00e9nek k\u00f6sz\u00f6nhet\u0151en k\u00f6nnyen \u00e9s gyorsan \u00f6sszeszerelhet\u0151 komolyabb \u00e1talak\u00edt\u00e1sok n\u00e9lk\u00fcl a lak\u00e1sban.<\/li>\n<li><strong>Gyorsan \u00e9s egyszer\u0171en be\u00fczemelhet\u0151, \u00f6sszeszerelve sz\u00e1ll\u00edtjuk;<\/strong><\/li>\n<li>Kiv\u00e1l\u00f3 min\u0151s\u00e9g\u0171 furn\u00e9r kivitel, k\u00fcl\u00f6nleges kandall\u00f3kerettel<\/li>\n<li>Be\u00e9p\u00edtett 23 h\u00fcvelykes f\u0171t\u0151test (58,5 x 44 cm); 1500W teljes\u00edtm\u00e9ny; 230V;<\/li>\n<li><strong>Meghitt hangulatot teremt\u0151, realisztikus, 3D l\u00e1nghat\u00e1ssal;<\/strong><\/li>\n<li>A 10 Watt-os LED l\u00e1ng a h\u0151kibocs\u00e1t\u00e1st\u00f3l f\u00fcggetlen\u00fcl m\u0171k\u00f6dik, f\u0171t\u00e9ssel vagy an\u00e9lk\u00fcl;<\/li>\n<li><strong>\u00c1ll\u00edthat\u00f3, 5 szint\u0171 f\u00e9nyer\u0151ss\u00e9ggel.<\/strong><\/li>\n<\/ul>\n<p>\n<img decoding=\"async\" class=\"alignleft\" title=\"elektromos kandall\u00f3 Hanna ElectricSun a be\u00e9p\u00edthet\u0151 elektromos kandall\u00f3\" src=\"https:\/\/electricsun.de\/wp-content\/uploads\/2022\/05\/led.svg\" alt=\"elektromos kandall\u00f3 Hanna ElectricSun a be\u00e9p\u00edthet\u0151 elektromos kandall\u00f3\" width=\"40\" height=\"40\" \/><\/p>\n<h6 style=\"margin-top: 0cm;background: white;vertical-align: baseline\"><span style=\"font-size: 9.0pt;line-height: 107%;font-family: Roboto\">LED technol\u00f3gia \u2013 alacsony, 10 W-os fogyaszt\u00e1ssal:<\/span><\/h6>\n<p>Minden ElectricSun elektromos kandall\u00f3 3D LED technol\u00f3gi\u00e1val rendelkezik.\n<\/p>\n<p>\n<img decoding=\"async\" class=\"alignleft\" title=\"elektromos kandall\u00f3 Hanna ElectricSun a be\u00e9p\u00edthet\u0151 elektromos kandall\u00f3\" src=\"https:\/\/electricsun.de\/wp-content\/uploads\/2022\/05\/afisaj.svg\" alt=\"elektromos kandall\u00f3 Hanna ElectricSun a be\u00e9p\u00edthet\u0151 elektromos kandall\u00f3\" width=\"40\" height=\"40\" \/><\/p>\n<h6 style=\"margin-top: 0cm;background: white;vertical-align: baseline\"><span style=\"font-size: 9.0pt;line-height: 107%;font-family: Roboto\">K\u00f6nny\u0171 vez\u00e9relhet\u0151s\u00e9g:<\/span><\/h6>\n<p>Ir\u00e1ny\u00edtsa k\u00e9nyelmesen a mell\u00e9kelt hordozhat\u00f3 t\u00e1vir\u00e1ny\u00edt\u00f3 seg\u00edts\u00e9g\u00e9vel, vagy k\u00f6zvetlen\u00fcl a be\u00e9p\u00edtett kezel\u0151panel seg\u00edts\u00e9g\u00e9vel.\n<\/p>\n<p>\n<img decoding=\"async\" class=\"alignleft\" title=\"elektromos kandall\u00f3 Hanna ElectricSun a be\u00e9p\u00edthet\u0151 elektromos kandall\u00f3\" src=\"https:\/\/electricsun.de\/wp-content\/uploads\/2022\/05\/incalzire-termostat.svg\" alt=\"elektromos kandall\u00f3 Hanna ElectricSun a be\u00e9p\u00edthet\u0151 elektromos kandall\u00f3\" width=\"40\" height=\"40\" \/><\/p>\n<h6>Infrav\u00f6r\u00f6s f\u0171t\u00e9s, termosz\u00e1ttal:<\/h6>\n<p style=\"margin-top: 0cm;background: white;vertical-align: baseline\">Szab\u00e1lyozza a h\u0151m\u00e9rs\u00e9kletet egyszer\u0171en! A kandall\u00f3 f\u0171t\u00e9ssel vagy an\u00e9lk\u00fcl is haszn\u00e1lhat\u00f3.<\/p>\n<\/p>\n<p>\n<img loading=\"lazy\" decoding=\"async\" class=\"alignleft\" title=\"elektromos kandall\u00f3 Hanna ElectricSun a be\u00e9p\u00edthet\u0151 elektromos kandall\u00f3\" src=\"https:\/\/electricsun.de\/wp-content\/uploads\/2022\/05\/sand-clock.svg\" alt=\"elektromos kandall\u00f3 Hanna ElectricSun a be\u00e9p\u00edthet\u0151 elektromos kandall\u00f3\" width=\"40\" height=\"40\" \/><\/p>\n<h6>Id\u0151z\u00edt\u0151 funkci\u00f3<\/h6>\n<p>A szab\u00e1lyozhat\u00f3 id\u0151z\u00edt\u0151 el\u0151re programozhat\u00f3 arra, hogy 1-8 \u00f3ra ut\u00e1n automatikusan le\u00e1lljon.\n<\/p>\n<p>\n<img loading=\"lazy\" decoding=\"async\" class=\"alignleft wp-image-3143\" title=\"elektromos kandall\u00f3 Hanna ElectricSun a be\u00e9p\u00edthet\u0151 elektromos kandall\u00f3\" src=\"https:\/\/electricsun.de\/wp-content\/uploads\/2022\/05\/efect-flacara.svg\" alt=\"elektromos kandall\u00f3 Hanna ElectricSun a be\u00e9p\u00edthet\u0151 elektromos kandall\u00f3\" width=\"40\" height=\"40\" \/><\/p>\n<h6>\u00c9leth\u0171 l\u00e1nghat\u00e1ssal:<\/h6>\n<p>A t\u00f6k\u00e9letes, nyugodt hangulat megteremt\u00e9s\u00e9hez.\n<\/p>\n<p>\n<img loading=\"lazy\" decoding=\"async\" class=\"alignleft\" title=\"elektromos kandall\u00f3 Hanna ElectricSun a be\u00e9p\u00edthet\u0151 elektromos kandall\u00f3\" src=\"https:\/\/electricsun.de\/wp-content\/uploads\/2022\/05\/luminozitate.svg\" alt=\"elektromos kandall\u00f3 Hanna ElectricSun a be\u00e9p\u00edthet\u0151 elektromos kandall\u00f3\" width=\"40\" height=\"40\" \/><\/p>\n<h6>\u00c1ll\u00edthat\u00f3 f\u00e9nyer\u0151:<\/h6>\n<p>Szab\u00e1lyozhat\u00f3 l\u00e1ngintenzit\u00e1s 5 k\u00fcl\u00f6nb\u00f6z\u0151 be\u00e1ll\u00edt\u00e1sban, lehet\u0151v\u00e9 t\u00e9ve a t\u00f6k\u00e9letes f\u00e9nyer\u0151-be\u00e1ll\u00edt\u00e1st a k\u00f6rnyezet \u00e9s az \u00d6n ig\u00e9nyeinek megfelel\u0151en!\n<\/p>\n<p>\n<img loading=\"lazy\" decoding=\"async\" class=\"alignleft\" title=\"elektromos kandall\u00f3 Hanna ElectricSun a be\u00e9p\u00edthet\u0151 elektromos kandall\u00f3\" src=\"https:\/\/electricsun.de\/wp-content\/uploads\/2022\/05\/speedometer.svg\" alt=\"elektromos kandall\u00f3 Hanna ElectricSun a be\u00e9p\u00edthet\u0151 elektromos kandall\u00f3\" width=\"40\" height=\"40\" \/><\/p>\n<h6>Sebess\u00e9g<\/h6>\n<p>A l\u00e1ngnak \u00e9leth\u0171 sebess\u00e9ge van.\n<\/p>\n<p>\n<img loading=\"lazy\" decoding=\"async\" class=\"alignleft\" title=\"elektromos kandall\u00f3 Hanna ElectricSun a be\u00e9p\u00edthet\u0151 elektromos kandall\u00f3\" src=\"https:\/\/electricsun.de\/wp-content\/uploads\/2022\/05\/telecomanda.svg\" alt=\"elektromos kandall\u00f3 Hanna ElectricSun a be\u00e9p\u00edthet\u0151 elektromos kandall\u00f3\" width=\"40\" height=\"40\" \/><\/p>\n<h6>T\u00e1vir\u00e1ny\u00edt\u00f3<\/h6>\n<p>A funkci\u00f3k k\u00e9nyelmes vez\u00e9rl\u00e9se \u00e9rdek\u00e9ben.<\/p>\n","protected":false},"featured_media":16958,"comment_status":"open","ping_status":"closed","template":"","meta":{"footnotes":""},"product_brand":[],"product_cat":[4856,4858],"product_tag":[],"class_list":["post-9593","product","type-product","status-publish","has-post-thumbnail","product_cat-elektromos-kandallo","product_cat-termosztat","first","outofstock","taxable","shipping-taxable","purchasable","product-type-simple"],"tiered_pricing_type":"fixed","tiered_pricing_fixed_rules":[],"tiered_pricing_product_settings":{"layout":"default","base_unit_name":{"singular":null,"plural":null},"default_variation":null},"tiered_pricing_minimum_quantity":null,"tiered_pricing_roles_data":[],"tiered_pricing_percentage_rules":[],"_links":{"self":[{"href":"https:\/\/electricsun.de\/hu\/wp-json\/wp\/v2\/product\/9593","targetHints":{"allow":["GET"]}}],"collection":[{"href":"https:\/\/electricsun.de\/hu\/wp-json\/wp\/v2\/product"}],"about":[{"href":"https:\/\/electricsun.de\/hu\/wp-json\/wp\/v2\/types\/product"}],"replies":[{"embeddable":true,"href":"https:\/\/electricsun.de\/hu\/wp-json\/wp\/v2\/comments?post=9593"}],"version-history":[{"count":0,"href":"https:\/\/electricsun.de\/hu\/wp-json\/wp\/v2\/product\/9593\/revisions"}],"wp:featuredmedia":[{"embeddable":true,"href":"https:\/\/electricsun.de\/hu\/wp-json\/wp\/v2\/media\/16958"}],"wp:attachment":[{"href":"https:\/\/electricsun.de\/hu\/wp-json\/wp\/v2\/media?parent=9593"}],"wp:term":[{"taxonomy":"product_brand","embeddable":true,"href":"https:\/\/electricsun.de\/hu\/wp-json\/wp\/v2\/product_brand?post=9593"},{"taxonomy":"product_cat","embeddable":true,"href":"https:\/\/electricsun.de\/hu\/wp-json\/wp\/v2\/product_cat?post=9593"},{"taxonomy":"product_tag","embeddable":true,"href":"https:\/\/electricsun.de\/hu\/wp-json\/wp\/v2\/product_tag?post=9593"}],"curies":[{"name":"wp","href":"https:\/\/api.w.org\/{rel}","templated":true}]}}

Elektromos kandalló, Hanna barna, ElectricSun, SZ110xM102cm

<h2>Hanna ElectricSun elektromos kandalló előnyei:</h2>
<ul>
<li>Varázsoljon kellemes, meghitt hangulatot otthonába minden évszakban a Hanna ElectricSun elektromos kandallóval!</li>
<li>Az infravörös fűtésnek hála a kandalló nem csak a levegőt, de a tárgyakat is felmelegíti otthonában! Tökéletes megoldás, ha hosszantartó melegre vágyik!</li>
<li>Szabadon álló kivitelezésének köszönhetően könnyen és gyorsan összeszerelhető komolyabb átalakítások nélkül a lakásban.</li>
<li><strong>Gyorsan és egyszerűen beüzemelhető, összeszerelve szállítjuk;</strong></li>
<li>Kiváló minőségű furnér kivitel, különleges kandallókerettel</li>
<li>Beépített 23 hüvelykes fűtőtest (58,5 x 44 cm); 1500W teljesítmény; 230V;</li>
<li><strong>Meghitt hangulatot teremtő, realisztikus, 3D lánghatással;</strong></li>
<li>A 10 Watt-os LED láng a hőkibocsátástól függetlenül működik, fűtéssel vagy anélkül;</li>
<li><strong>Állítható, 5 szintű fényerősséggel.</strong></li>
</ul>
<p>
<img decoding="async" class="alignleft" title="elektromos kandalló Hanna ElectricSun a beépíthető elektromos kandalló" src="https://electricsun.de/wp-content/uploads/2022/05/led.svg" alt="elektromos kandalló Hanna ElectricSun a beépíthető elektromos kandalló" width="40" height="40" /></p>
<h6 style="margin-top: 0cm;background: white;vertical-align: baseline"><span style="font-size: 9.0pt;line-height: 107%;font-family: Roboto">LED technológia – alacsony, 10 W-os fogyasztással:</span></h6>
<p>Minden ElectricSun elektromos kandalló 3D LED technológiával rendelkezik.
</p>
<p>
<img decoding="async" class="alignleft" title="elektromos kandalló Hanna ElectricSun a beépíthető elektromos kandalló" src="https://electricsun.de/wp-content/uploads/2022/05/afisaj.svg" alt="elektromos kandalló Hanna ElectricSun a beépíthető elektromos kandalló" width="40" height="40" /></p>
<h6 style="margin-top: 0cm;background: white;vertical-align: baseline"><span style="font-size: 9.0pt;line-height: 107%;font-family: Roboto">Könnyű vezérelhetőség:</span></h6>
<p>Irányítsa kényelmesen a mellékelt hordozható távirányító segítségével, vagy közvetlenül a beépített kezelőpanel segítségével.
</p>
<p>
<img decoding="async" class="alignleft" title="elektromos kandalló Hanna ElectricSun a beépíthető elektromos kandalló" src="https://electricsun.de/wp-content/uploads/2022/05/incalzire-termostat.svg" alt="elektromos kandalló Hanna ElectricSun a beépíthető elektromos kandalló" width="40" height="40" /></p>
<h6>Infravörös fűtés, termoszáttal:</h6>
<p style="margin-top: 0cm;background: white;vertical-align: baseline">Szabályozza a hőmérsékletet egyszerűen! A kandalló fűtéssel vagy anélkül is használható.</p>
</p>
<p>
<img loading="lazy" decoding="async" class="alignleft" title="elektromos kandalló Hanna ElectricSun a beépíthető elektromos kandalló" src="https://electricsun.de/wp-content/uploads/2022/05/sand-clock.svg" alt="elektromos kandalló Hanna ElectricSun a beépíthető elektromos kandalló" width="40" height="40" /></p>
<h6>Időzítő funkció</h6>
<p>A szabályozható időzítő előre programozható arra, hogy 1-8 óra után automatikusan leálljon.
</p>
<p>
<img loading="lazy" decoding="async" class="alignleft wp-image-3143" title="elektromos kandalló Hanna ElectricSun a beépíthető elektromos kandalló" src="https://electricsun.de/wp-content/uploads/2022/05/efect-flacara.svg" alt="elektromos kandalló Hanna ElectricSun a beépíthető elektromos kandalló" width="40" height="40" /></p>
<h6>Élethű lánghatással:</h6>
<p>A tökéletes, nyugodt hangulat megteremtéséhez.
</p>
<p>
<img loading="lazy" decoding="async" class="alignleft" title="elektromos kandalló Hanna ElectricSun a beépíthető elektromos kandalló" src="https://electricsun.de/wp-content/uploads/2022/05/luminozitate.svg" alt="elektromos kandalló Hanna ElectricSun a beépíthető elektromos kandalló" width="40" height="40" /></p>
<h6>Állítható fényerő:</h6>
<p>Szabályozható lángintenzitás 5 különböző beállításban, lehetővé téve a tökéletes fényerő-beállítást a környezet és az Ön igényeinek megfelelően!
</p>
<p>
<img loading="lazy" decoding="async" class="alignleft" title="elektromos kandalló Hanna ElectricSun a beépíthető elektromos kandalló" src="https://electricsun.de/wp-content/uploads/2022/05/speedometer.svg" alt="elektromos kandalló Hanna ElectricSun a beépíthető elektromos kandalló" width="40" height="40" /></p>
<h6>Sebesség</h6>
<p>A lángnak élethű sebessége van.
</p>
<p>
<img loading="lazy" decoding="async" class="alignleft" title="elektromos kandalló Hanna ElectricSun a beépíthető elektromos kandalló" src="https://electricsun.de/wp-content/uploads/2022/05/telecomanda.svg" alt="elektromos kandalló Hanna ElectricSun a beépíthető elektromos kandalló" width="40" height="40" /></p>
<h6>Távirányító</h6>
<p>A funkciók kényelmes vezérlése érdekében.</p>
