{"id":46012,"date":"2025-02-12T13:18:00","date_gmt":"2025-02-12T11:18:00","guid":{"rendered":"https:\/\/electricsun.de\/?post_type=product&#038;p=46012"},"modified":"2025-12-25T21:28:50","modified_gmt":"2025-12-25T19:28:50","slug":"3d-vizparas-beepitheto-elektromos-kandallo-electricsun-mistique-xxl","status":"publish","type":"product","link":"https:\/\/electricsun.de\/hu\/shop\/3d-vizparas-beepitheto-elektromos-kandallo-electricsun-mistique-xxl\/","title":{"rendered":"3D v\u00edzp\u00e1r\u00e1s be\u00e9p\u00edthet\u0151 elektromos kandall\u00f3, Led, telefonos alkalmaz\u00e1ssal, ElectricSun MISTique XXL SZ 200 cm"},"content":{"rendered":"<p><strong>ElectricSun MISTique<\/strong> \u2013 A legelb\u0171v\u00f6l\u0151bb \u00e9s leg\u00e9leth\u0171bb l\u00e1ng, amit valaha l\u00e1tott t\u00e9nyleges t\u0171z n\u00e9lk\u00fcl.<br \/>\n8 sz\u00edn \u00e9s automatikus ciklus az \u00d6n hangulat\u00e1nak vagy bels\u0151\u00e9p\u00edt\u00e9szeti k\u00f6vetelm\u00e9nyeinek megfelel\u0151en.<br \/>\nEz a legsokoldal\u00fabb form\u00e1tum, amely a v\u00e9gtelen telep\u00edt\u00e9si lehet\u0151s\u00e9ggel pr\u00f3b\u00e1ra teszi k\u00e9pzelet\u00e9t \u00e9s kreativit\u00e1s\u00e1t.<br \/>\nHaszn\u00e1lata b\u00e1rmilyen k\u00f6rnyezetben, hideg v\u00edzg\u0151z\u00f6k mellett biztons\u00e1gos, s\u00e9r\u00fcl\u00e9svesz\u00e9ly nem \u00e1ll fenn.<\/p>\n","protected":false},"excerpt":{"rendered":"<h2>3D v\u00edzp\u00e1r\u00e1s be\u00e9p\u00edthet\u0151 elektromos kandall\u00f3, ElectricSun MISTique XXL 200 cm el\u0151nyei<\/h2>\n<div class=\"left-lft-desc\">\n<h6><img decoding=\"async\" class=\"alignleft\" src=\"https:\/\/electricsun.de\/wp-content\/uploads\/2022\/05\/efect-flacara.svg\" width=\"40\" height=\"40\" \/><\/h6>\n<p>3D v\u00edzg\u0151zl\u00e1ng 8 sz\u00ednben (piros, z\u00f6ld, k\u00e9k, s\u00e1rga, lila, t\u00fcrkiz, narancs, lila) \u00e9s automatikus ciklusban amely vez\u00e9relhet\u0151 az alkalmaz\u00e1sb\u00f3l, kijelz\u0151 \u00e9s t\u00e1vir\u00e1ny\u00edt\u00f3.<\/p>\n<h6><img decoding=\"async\" class=\"alignleft\" src=\"https:\/\/electricsun.de\/wp-content\/uploads\/2022\/05\/luminozitate.svg\" width=\"40\" height=\"40\" \/><\/h6>\n<p>A\u00a0hihetetlen\u00fcl val\u00f3s\u00e1gh\u0171 3D v\u00edzg\u0151zl\u00e1ng 5 magass\u00e1g be\u00e1ll\u00edt\u00e1ssal rendelkezik.<\/p>\n<h6><img decoding=\"async\" class=\"alignleft\" src=\"https:\/\/electricsun.de\/wp-content\/uploads\/2022\/05\/led.svg\" width=\"40\" height=\"40\" \/><\/h6>\n<p>Fogyaszt\u00e1s\u00fa LED vil\u00e1g\u00edt\u00e1s\u00fa l\u00e1ng. Nagyon j\u00f3 f\u00e9nyer\u0151 m\u00e9g nappal is.<\/p>\n<h6><img loading=\"lazy\" decoding=\"async\" class=\"alignleft\" src=\"https:\/\/electricsun.de\/wp-content\/uploads\/2022\/06\/tank.svg\" width=\"40\" height=\"40\" \/><\/h6>\n<p>L\u00e1nghossz: 196 cm. T\u00e9v\u00e9t vagy b\u00fatort lehet elhelyezni felette, legal\u00e1bb 45 cm magass\u00e1gban.<br \/>\nTeljes m\u00e9retek: 2000x236xH225 mm;<br \/>\nBe\u00e9p\u00edthet\u0151 m\u00e9retek: 1985x200xH225 mm;<br \/>\nNyit\u00e1s m\u00e9rete: 1990x215xH230 mm.<\/p>\n<h6><img loading=\"lazy\" decoding=\"async\" class=\"alignleft\" src=\"https:\/\/electricsun.de\/wp-content\/uploads\/2022\/06\/tape.svg\" width=\"40\" height=\"40\" \/><\/h6>\n<p>Hosszabb megjelen\u00edt\u00e9shez t\u00f6bb bet\u00e9tet is elhelyezhet egym\u00e1s ut\u00e1n. A jobb l\u00e1that\u00f3s\u00e1g \u00e9rdek\u00e9ben s\u00f6t\u00e9t sz\u00edneket vagy feket\u00e9t javasolunk a h\u00e1tt\u00e9rter\u00fclethez.<\/p>\n<\/div>\n<div class=\"right-rht-desc\">\n<h6><img loading=\"lazy\" decoding=\"async\" class=\"alignleft\" src=\"https:\/\/electricsun.de\/wp-content\/uploads\/2022\/06\/renovation.svg\" width=\"40\" height=\"40\" \/><\/h6>\n<p>Ide\u00e1lis telep\u00edt\u00e9s b\u00e1rhov\u00e1: h\u00e1zak, apartmanok, sz\u00e1llod\u00e1k, \u00e9ttermek, \u00fczletek stb. B\u00fatorokba vagy falakba be\u00e9p\u00edthet\u0151; Alul szell\u0151z\u0151ny\u00edl\u00e1s sz\u00fcks\u00e9ges; A fenti szell\u0151z\u0151ny\u00edl\u00e1sra csak akkor van sz\u00fcks\u00e9g, ha teljesen \u00fcvegbe van burkolva. A t\u00e1pegys\u00e9gnek oldalt kell lennie, nem alatta.<\/p>\n<h6><img loading=\"lazy\" decoding=\"async\" class=\"alignleft\" src=\"https:\/\/electricsun.de\/wp-content\/uploads\/2022\/05\/telecomanda.svg\" width=\"40\" height=\"40\" \/><\/h6>\n<p>A Smart Life alkalmaz\u00e1s a telefonon a 3D elektromos kandall\u00f3 vez\u00e9rl\u00e9s\u00e9hez, t\u00e1vvez\u00e9rl\u00e9s\u00e9hez \u00e9s megjelen\u00edt\u00e9s\u00e9hez v\u00edzg\u0151zzel.<\/p>\n<h6><img loading=\"lazy\" decoding=\"async\" class=\"alignleft\" src=\"https:\/\/electricsun.de\/wp-content\/uploads\/2022\/06\/size.svg\" width=\"40\" height=\"40\" \/><\/h6>\n<p>11 literes v\u00edztart\u00e1ly k\u00f6r\u00fclbel\u00fcl 8-12 \u00f3r\u00e1s m\u0171k\u00f6d\u00e9shez. K\u00e9zi adagol\u00e1s, csak csatlakoztassa a mell\u00e9kelt t\u00f6ml\u0151t egy v\u00edztart\u00e1lyhoz. Desztill\u00e1lt vagy sz\u0171rt v\u00edz aj\u00e1nlott.<\/p>\n<h6><img loading=\"lazy\" decoding=\"async\" class=\"alignleft\" src=\"https:\/\/electricsun.de\/wp-content\/uploads\/2022\/05\/sunet.svg\" width=\"40\" height=\"40\" \/><\/h6>\n<p>R\u00f6nkpattog\u00e1st imit\u00e1l\u00f3, \u00e9g\u0151 t\u0171z hangj\u00e1t reproduk\u00e1l\u00f3 hangk\u00e9sz\u00fcl\u00e9k, mely 3 fokozat\u00fa \u00e9s a l\u00e1ngt\u00f3l k\u00fcl\u00f6n be-\/kikapcsol\u00e1ssal rendelkezik.<\/p>\n<\/div>\n<div style=\"clear: both;\"><\/div>\n<div class=\"center-cer-desc\">A k\u00e9pek bemutat\u00f3 jelleg\u0171ek, az eladott term\u00e9k csak a be\u00e9p\u00edtett bet\u00e9t, m\u00e9retekkel l\u00e1sd a k\u00e9pet.<\/div>\n","protected":false},"featured_media":62749,"comment_status":"open","ping_status":"closed","template":"","meta":{"footnotes":""},"product_brand":[],"product_cat":[4859,4856,4864],"product_tag":[],"class_list":["post-46012","product","type-product","status-publish","has-post-thumbnail","product_cat-beepitheto-elektromos-kandallo","product_cat-elektromos-kandallo","product_cat-vizparas-elektromos-kandallo","first","instock","taxable","shipping-taxable","purchasable","product-type-simple"],"tiered_pricing_type":"fixed","tiered_pricing_fixed_rules":[],"tiered_pricing_product_settings":{"layout":"default","base_unit_name":{"singular":null,"plural":null},"default_variation":null},"tiered_pricing_minimum_quantity":null,"tiered_pricing_roles_data":[],"tiered_pricing_percentage_rules":[],"_links":{"self":[{"href":"https:\/\/electricsun.de\/hu\/wp-json\/wp\/v2\/product\/46012","targetHints":{"allow":["GET"]}}],"collection":[{"href":"https:\/\/electricsun.de\/hu\/wp-json\/wp\/v2\/product"}],"about":[{"href":"https:\/\/electricsun.de\/hu\/wp-json\/wp\/v2\/types\/product"}],"replies":[{"embeddable":true,"href":"https:\/\/electricsun.de\/hu\/wp-json\/wp\/v2\/comments?post=46012"}],"version-history":[{"count":0,"href":"https:\/\/electricsun.de\/hu\/wp-json\/wp\/v2\/product\/46012\/revisions"}],"wp:featuredmedia":[{"embeddable":true,"href":"https:\/\/electricsun.de\/hu\/wp-json\/wp\/v2\/media\/62749"}],"wp:attachment":[{"href":"https:\/\/electricsun.de\/hu\/wp-json\/wp\/v2\/media?parent=46012"}],"wp:term":[{"taxonomy":"product_brand","embeddable":true,"href":"https:\/\/electricsun.de\/hu\/wp-json\/wp\/v2\/product_brand?post=46012"},{"taxonomy":"product_cat","embeddable":true,"href":"https:\/\/electricsun.de\/hu\/wp-json\/wp\/v2\/product_cat?post=46012"},{"taxonomy":"product_tag","embeddable":true,"href":"https:\/\/electricsun.de\/hu\/wp-json\/wp\/v2\/product_tag?post=46012"}],"curies":[{"name":"wp","href":"https:\/\/api.w.org\/{rel}","templated":true}]}}

3D vízpárás beépíthető elektromos kandalló, Led, telefonos alkalmazással, ElectricSun MISTique XXL SZ 200 cm

<p><strong>ElectricSun MISTique</strong> – A legelbűvölőbb és legélethűbb láng, amit valaha látott tényleges tűz nélkül.<br />
8 szín és automatikus ciklus az Ön hangulatának vagy belsőépítészeti követelményeinek megfelelően.<br />
Ez a legsokoldalúbb formátum, amely a végtelen telepítési lehetőséggel próbára teszi képzeletét és kreativitását.<br />
Használata bármilyen környezetben, hideg vízgőzök mellett biztonságos, sérülésveszély nem áll fenn.</p>

<h2>3D vízpárás beépíthető elektromos kandalló, ElectricSun MISTique XXL 200 cm előnyei</h2>
<div class="left-lft-desc">
<h6><img decoding="async" class="alignleft" src="https://electricsun.de/wp-content/uploads/2022/05/efect-flacara.svg" width="40" height="40" /></h6>
<p>3D vízgőzláng 8 színben (piros, zöld, kék, sárga, lila, türkiz, narancs, lila) és automatikus ciklusban amely vezérelhető az alkalmazásból, kijelző és távirányító.</p>
<h6><img decoding="async" class="alignleft" src="https://electricsun.de/wp-content/uploads/2022/05/luminozitate.svg" width="40" height="40" /></h6>
<p>A hihetetlenül valósághű 3D vízgőzláng 5 magasság beállítással rendelkezik.</p>
<h6><img decoding="async" class="alignleft" src="https://electricsun.de/wp-content/uploads/2022/05/led.svg" width="40" height="40" /></h6>
<p>Fogyasztású LED világítású láng. Nagyon jó fényerő még nappal is.</p>
<h6><img loading="lazy" decoding="async" class="alignleft" src="https://electricsun.de/wp-content/uploads/2022/06/tank.svg" width="40" height="40" /></h6>
<p>Lánghossz: 196 cm. Tévét vagy bútort lehet elhelyezni felette, legalább 45 cm magasságban.<br />
Teljes méretek: 2000x236xH225 mm;<br />
Beépíthető méretek: 1985x200xH225 mm;<br />
Nyitás mérete: 1990x215xH230 mm.</p>
<h6><img loading="lazy" decoding="async" class="alignleft" src="https://electricsun.de/wp-content/uploads/2022/06/tape.svg" width="40" height="40" /></h6>
<p>Hosszabb megjelenítéshez több betétet is elhelyezhet egymás után. A jobb láthatóság érdekében sötét színeket vagy feketét javasolunk a háttérterülethez.</p>
</div>
<div class="right-rht-desc">
<h6><img loading="lazy" decoding="async" class="alignleft" src="https://electricsun.de/wp-content/uploads/2022/06/renovation.svg" width="40" height="40" /></h6>
<p>Ideális telepítés bárhová: házak, apartmanok, szállodák, éttermek, üzletek stb. Bútorokba vagy falakba beépíthető; Alul szellőzőnyílás szükséges; A fenti szellőzőnyílásra csak akkor van szükség, ha teljesen üvegbe van burkolva. A tápegységnek oldalt kell lennie, nem alatta.</p>
<h6><img loading="lazy" decoding="async" class="alignleft" src="https://electricsun.de/wp-content/uploads/2022/05/telecomanda.svg" width="40" height="40" /></h6>
<p>A Smart Life alkalmazás a telefonon a 3D elektromos kandalló vezérléséhez, távvezérléséhez és megjelenítéséhez vízgőzzel.</p>
<h6><img loading="lazy" decoding="async" class="alignleft" src="https://electricsun.de/wp-content/uploads/2022/06/size.svg" width="40" height="40" /></h6>
<p>11 literes víztartály körülbelül 8-12 órás működéshez. Kézi adagolás, csak csatlakoztassa a mellékelt tömlőt egy víztartályhoz. Desztillált vagy szűrt víz ajánlott.</p>
<h6><img loading="lazy" decoding="async" class="alignleft" src="https://electricsun.de/wp-content/uploads/2022/05/sunet.svg" width="40" height="40" /></h6>
<p>Rönkpattogást imitáló, égő tűz hangját reprodukáló hangkészülék, mely 3 fokozatú és a lángtól külön be-/kikapcsolással rendelkezik.</p>
</div>
<div style="clear: both;"></div>
<div class="center-cer-desc">A képek bemutató jellegűek, az eladott termék csak a beépített betét, méretekkel lásd a képet.</div>
