{"id":39298,"date":"2024-03-17T15:09:34","date_gmt":"2024-03-17T13:09:34","guid":{"rendered":"https:\/\/electricsun.de\/?post_type=product&#038;p=39298"},"modified":"2025-10-30T11:00:34","modified_gmt":"2025-10-30T09:00:34","slug":"elektromos-torolkozo-szarito-electricsun-standard-szurke","status":"publish","type":"product","link":"https:\/\/electricsun.de\/hu\/shop\/elektromos-torolkozo-szarito-electricsun-standard-szurke\/","title":{"rendered":"Elektromos t\u00f6r\u00f6lk\u00f6z\u0151 sz\u00e1r\u00edt\u00f3 \u00e9s steriliz\u00e1l\u00f3, f\u00fcrd\u0151szobai vagy konyhai haszn\u00e1latra, falra szerelhet\u0151, SZ60cm, 450W, ElectricSun Standard sz\u00fcrke"},"content":{"rendered":"","protected":false},"excerpt":{"rendered":"<h2>Az Elektromos t\u00f6r\u00f6lk\u00f6z\u0151 sz\u00e1r\u00edt\u00f3 \u00e9s steriliz\u00e1l\u00f3, ElectricSun Standard el\u0151nyei:<\/h2>\n<div class=\"left-lft-desc\">\n<h6><img decoding=\"async\" class=\"alignleft\" src=\"https:\/\/electricsun.de\/wp-content\/uploads\/2024\/03\/sun.svg\" width=\"40\" height=\"40\" title=\"Elektromos t\u00f6r\u00f6lk\u00f6z\u0151 sz\u00e1r\u00edt\u00f3 \u00e9s steriliz\u00e1l\u00f3, ElectricSun Standard\" alt=\"Elektromos t\u00f6r\u00f6lk\u00f6z\u0151 sz\u00e1r\u00edt\u00f3 \u00e9s steriliz\u00e1l\u00f3, ElectricSun Standard\"\/><\/h6>\n<p>UV: Steriliz\u00e1l\u00e1s, 30 perces alapbe\u00e1ll\u00edt\u00e1s. Mozg\u00e1s\u00e9rz\u00e9kel\u0151vel rendelkezik, ha 4 m\u00e9teren bel\u00fcl megk\u00f6zel\u00edti a elektromos t\u00f6r\u00f6lk\u00f6z\u0151 sz\u00e1r\u00edt\u00f3t, az UV funkci\u00f3 le\u00e1ll \u00e9s nem indul \u00fajra, am\u00edg el nem mozdul. 5 UVC l\u00e1mp\u00e1val rendelkezik. Az UV funkci\u00f3 kikapcsolhat\u00f3.<\/p>\n<h6><img decoding=\"async\" class=\"alignleft\" src=\"https:\/\/electricsun.de\/wp-content\/uploads\/2024\/03\/touchscreen.svg\" width=\"40\" height=\"40\" \/><\/h6>\n<p>On\/Off &#8211; Be\/Ki-kapcsol\u00e1s. \u00c9rint\u0151k\u00e9perny\u0151s kijelz\u0151.<\/p>\n<h6><img decoding=\"async\" class=\"alignleft\" src=\"https:\/\/electricsun.de\/wp-content\/uploads\/2024\/03\/quick-dry-reversed.svg\" width=\"40\" height=\"40\" \/><\/h6>\n<p>DRYING: Sz\u00e1r\u00edt\u00e1s forr\u00f3 leveg\u0151vel (55\u00b0C), 1 \u00f3r\u00e1s alapbe\u00e1ll\u00edt\u00e1s \u00e9s be\u00e1ll\u00edthat\u00f3.<\/p>\n<h6><img loading=\"lazy\" decoding=\"async\" class=\"alignleft\" src=\"https:\/\/electricsun.de\/wp-content\/uploads\/2024\/03\/timer.svg\" width=\"40\" height=\"40\" \/><\/h6>\n<p>TIMER: Id\u0151z\u00edt\u0151 1-4 \u00f3ra, 1 \u00f3r\u00e1s alapbe\u00e1ll\u00edt\u00e1s (csak a DRYING\/sz\u00e1r\u00edt\u00e1s funkci\u00f3n\u00e1l).<\/p>\n<h6><img loading=\"lazy\" decoding=\"async\" class=\"alignleft\" src=\"https:\/\/electricsun.de\/wp-content\/uploads\/2024\/03\/wall.svg\" width=\"40\" height=\"40\" \/><\/h6>\n<p>Falra szerelhet\u0151, v\u00edzszintesen, csavarokkal vagy ragasztva. M\u00e9rete 60 cm. A Standard modell t\u00e1pk\u00e1belje 140 cm, jobb oldali kivezet\u00e9ssel.<\/p>\n<\/div>\n<div style=\"clear: both;\"><\/div>\n<div class=\"center-cer-desc\">Az ElectricSun Elektromos t\u00f6r\u00f6lk\u00f6z\u0151 sz\u00e1r\u00edt\u00f3 \u00e9s steriliz\u00e1l\u00f3 azoknak sz\u00f3l, akik infrapanellekel f\u0171tenek, vagy padl\u00f3f\u0171t\u00e9st haszn\u00e1lnak, vagy azoknak, akiknek hagyom\u00e1nyos radi\u00e1toruk van, de nem akarj\u00e1k t\u00f6r\u00f6lk\u00f6z\u0151vel letakarni. T\u00f6r\u00f6lk\u00f6z\u0151tart\u00f3k\u00e9nt \u00e9s polck\u00e9nt is haszn\u00e1lhat\u00f3.<\/p>\n<p>Az <strong>elektromos t\u00f6r\u00f6lk\u00f6z\u0151 sz\u00e1r\u00edt\u00f3<\/strong> egy intelligens technol\u00f3giai eszk\u00f6z, amely UVC f\u00e9nnyel fert\u0151tlen\u00edti a t\u00f6r\u00f6lk\u00f6z\u0151ket, \u00e1gynem\u0171ket \u00e9s a kisebb ruhadarabokat.<br \/>\nAlkalmas babaruh\u00e1k, feh\u00e9rnem\u0171k, t\u00f6r\u00f6lk\u00f6z\u0151k \u00e9s egy\u00e9b apr\u00f3 text\u00edli\u00e1k steriliz\u00e1l\u00e1s\u00e1ra \u00e9s sz\u00e1r\u00edt\u00e1s\u00e1ra. (NEM alkalmas nagy\/vastag szaunat\u00f6r\u00f6lk\u00f6z\u0151kh\u00f6z).<br \/>\nUV Funkci\u00f3: Steriliz\u00e1l\u00e1s, 30 perces alapbe\u00e1ll\u00edt\u00e1s, nem v\u00e1ltoztathat\u00f3 meg, de kikapcsolhat\u00f3 (a bakt\u00e9riumok 99,99%-\u00e1t kik\u00fcsz\u00f6b\u00f6li). Mozg\u00e1s\u00e9rz\u00e9kel\u0151vel, ha valaki 4 m\u00e9teren bel\u00fcl megk\u00f6zel\u00edti az elektromos t\u00f6r\u00f6lk\u00f6z\u0151 sz\u00e1r\u00edt\u00f3t, az UV funkci\u00f3 le\u00e1ll. \u00dajraindul, amikor az emberi test elt\u00e1volodik. 5 UVC l\u00e1mpa a Standard modellben \u00e9s 8 UVC l\u00e1mpa a PREMIUM modellben, Term\u00e9k \u00e9lettartama: 10000h, Hull\u00e1mhossz: 260-280 nm. A sz\u00e1raz \u00e9s hideg leveg\u0151 funkci\u00f3k nem haszn\u00e1lhat\u00f3k egyszerre<br \/>\nAz ultraibolya (UV) f\u00e9ny rendelkezik a szerves molekul\u00e1ris k\u00f6t\u00e9sek megszak\u00edt\u00e1s\u00e1hoz sz\u00fcks\u00e9ges energi\u00e1val. Amikor a mikroorganizmusok \u00e9rintkez\u00e9sbe ker\u00fclnek az ultraibolya l\u00e1mpa \u00e1ltal kibocs\u00e1tott UV-sug\u00e1rz\u00e1ssal, DNS-k\u00f6t\u00e9seik megszakadnak, ami elegend\u0151 sejtk\u00e1rosod\u00e1st eredm\u00e9nyez ahhoz, hogy megakad\u00e1lyozza, hogy a mikroorganizmusok k\u00e1ros\u00edts\u00e1k az embert. Az UV f\u00e9ny k\u00e9pes elpuszt\u00edtani a bakt\u00e9riumok, v\u00edrusok, bakt\u00e9riumok, gomb\u00e1k, pen\u00e9szgomb\u00e1k \u00e9s sok m\u00e1s k\u00e1ros szennyez\u0151anyag DNS-\u00e9t.<br \/>\nAz UVC f\u00e9ny mind\u00f6ssze 260 mm, sz\u00e9les k\u00f6rben haszn\u00e1lj\u00e1k UV-steriliz\u00e1l\u00e1sra klinik\u00e1kban, k\u00f3rh\u00e1zakban, s\u0151t otthonokban vagy irod\u00e1kban is, mivel nem tud behatolni az emberi b\u0151rbe vagy szembe.<br \/>\nAz <em>elektromos t\u00f6r\u00f6lk\u00f6z\u0151 sz\u00e1r\u00edt\u00f3 \u00e9s steriliz\u00e1l\u00f3<\/em> elpuszt\u00edtja a bakt\u00e9riumok 99,99%-\u00e1t, mint p\u00e9ld\u00e1ul az Escherichia colit, Candida albicanst stb.<br \/>\nAz <em>elektromos t\u00f6r\u00f6lk\u00f6z\u0151 sz\u00e1r\u00edt\u00f3 \u00e9s steriliz\u00e1l\u00f3<\/em> szint\u00e9n hozz\u00e1j\u00e1rul a kondenzv\u00edz elp\u00e1rologtat\u00e1s\u00e1hoz a f\u00fcrd\u0151szob\u00e1ban, \u00edgy tiszt\u00e1bb \u00e9s higi\u00e9nikusabb k\u00f6rnyezetet biztos\u00edt csal\u00e1dja j\u00f3l\u00e9te \u00e9rdek\u00e9ben.<\/p>\n<p>Az anionos funkci\u00f3 sz\u00e1mos m\u00f3don jav\u00edtja a sz\u00e1r\u00edt\u00e1si folyamatot, bele\u00e9rtve a szagok megsz\u00fcntet\u00e9s\u00e9t, a statikus tapad\u00e1s \u00e9s gy\u0171r\u0151d\u00e9sek cs\u00f6kkent\u00e9s\u00e9t, a text\u00edli\u00e1k puh\u00edt\u00e1s\u00e1t \u00e9s m\u00e9g az energiahat\u00e9konys\u00e1g jav\u00edt\u00e1s\u00e1t is.<\/p>\n<p>Az elektromos t\u00f6r\u00f6lk\u00f6z\u0151 sz\u00e1r\u00edt\u00f3 ABS polikarbon\u00e1t h\u00e1zzal rendelkezik, k\u00e9t alum\u00ednium t\u00f6r\u00fclk\u00f6z\u0151tart\u00f3val \u00e9s k\u00e9t kamp\u00f3val.<br \/>\nNE helyezzen a k\u00e9sz\u00fcl\u00e9kre 4 kg-n\u00e1l nagyobb s\u00falyt. A k\u00e9sz\u00fcl\u00e9ket falra lehet szerelni csavarokkal vagy ragasztva, vizszintesen. A k\u00e9sz\u00fcl\u00e9ket \u00fagy kell felszerelni, hogy ne ker\u00fclj\u00f6n bele v\u00edz.<br \/>\nAz elektromos t\u00f6r\u00f6lk\u00f6z\u0151 sz\u00e1r\u00edt\u00f3 hagyom\u00e1nyos t\u00f6r\u00fclk\u00f6z\u0151tart\u00f3k\u00e9nt is haszn\u00e1lhat\u00f3 extra t\u00e1rol\u00f3hellyel, \u00edgy remek term\u00e9k a sz\u0171k\u00f6s alapter\u00fclet\u0171 helyis\u00e9gekben.<br \/>\nEleg\u00e1ns \u00e9s hat\u00e9kony kialak\u00edt\u00e1s\u00e1val, a hasznosat a kellemessel \u00f6tv\u00f6z\u0151 ElectricSun Elektromos t\u00f6r\u00f6lk\u00f6z\u0151 sz\u00e1r\u00edt\u00f3 \u00e9s steriliz\u00e1l\u00f3 az a term\u00e9k, amely minden modern f\u00fcrd\u0151szob\u00e1t t\u00f6k\u00e9letesen kieg\u00e9sz\u00edt.\n<\/p><\/div>\n","protected":false},"featured_media":39306,"comment_status":"open","ping_status":"closed","template":"","meta":{"footnotes":""},"product_brand":[],"product_cat":[4856,10606,4857],"product_tag":[],"class_list":["post-39298","product","type-product","status-publish","has-post-thumbnail","product_cat-elektromos-kandallo","product_cat-elektromos-toeroelkoezo-szarito-es-sterilizalo","product_cat-infrapanel-elektromos-futes","first","instock","taxable","shipping-taxable","purchasable","product-type-simple"],"tiered_pricing_type":"fixed","tiered_pricing_fixed_rules":[],"tiered_pricing_product_settings":{"layout":"default","base_unit_name":{"singular":null,"plural":null},"default_variation":null},"tiered_pricing_minimum_quantity":null,"tiered_pricing_roles_data":[],"tiered_pricing_percentage_rules":[],"_links":{"self":[{"href":"https:\/\/electricsun.de\/hu\/wp-json\/wp\/v2\/product\/39298","targetHints":{"allow":["GET"]}}],"collection":[{"href":"https:\/\/electricsun.de\/hu\/wp-json\/wp\/v2\/product"}],"about":[{"href":"https:\/\/electricsun.de\/hu\/wp-json\/wp\/v2\/types\/product"}],"replies":[{"embeddable":true,"href":"https:\/\/electricsun.de\/hu\/wp-json\/wp\/v2\/comments?post=39298"}],"version-history":[{"count":0,"href":"https:\/\/electricsun.de\/hu\/wp-json\/wp\/v2\/product\/39298\/revisions"}],"wp:featuredmedia":[{"embeddable":true,"href":"https:\/\/electricsun.de\/hu\/wp-json\/wp\/v2\/media\/39306"}],"wp:attachment":[{"href":"https:\/\/electricsun.de\/hu\/wp-json\/wp\/v2\/media?parent=39298"}],"wp:term":[{"taxonomy":"product_brand","embeddable":true,"href":"https:\/\/electricsun.de\/hu\/wp-json\/wp\/v2\/product_brand?post=39298"},{"taxonomy":"product_cat","embeddable":true,"href":"https:\/\/electricsun.de\/hu\/wp-json\/wp\/v2\/product_cat?post=39298"},{"taxonomy":"product_tag","embeddable":true,"href":"https:\/\/electricsun.de\/hu\/wp-json\/wp\/v2\/product_tag?post=39298"}],"curies":[{"name":"wp","href":"https:\/\/api.w.org\/{rel}","templated":true}]}}

Elektromos törölköző szárító és sterilizáló, fürdőszobai vagy konyhai használatra, falra szerelhető, SZ60cm, 450W, ElectricSun Standard szürke

<h2>Az Elektromos törölköző szárító és sterilizáló, ElectricSun Standard előnyei:</h2>
<div class="left-lft-desc">
<h6><img decoding="async" class="alignleft" src="https://electricsun.de/wp-content/uploads/2024/03/sun.svg" width="40" height="40" title="Elektromos törölköző szárító és sterilizáló, ElectricSun Standard" alt="Elektromos törölköző szárító és sterilizáló, ElectricSun Standard"/></h6>
<p>UV: Sterilizálás, 30 perces alapbeállítás. Mozgásérzékelővel rendelkezik, ha 4 méteren belül megközelíti a elektromos törölköző szárítót, az UV funkció leáll és nem indul újra, amíg el nem mozdul. 5 UVC lámpával rendelkezik. Az UV funkció kikapcsolható.</p>
<h6><img decoding="async" class="alignleft" src="https://electricsun.de/wp-content/uploads/2024/03/touchscreen.svg" width="40" height="40" /></h6>
<p>On/Off &#8211; Be/Ki-kapcsolás. Érintőképernyős kijelző.</p>
<h6><img decoding="async" class="alignleft" src="https://electricsun.de/wp-content/uploads/2024/03/quick-dry-reversed.svg" width="40" height="40" /></h6>
<p>DRYING: Szárítás forró levegővel (55°C), 1 órás alapbeállítás és beállítható.</p>
<h6><img loading="lazy" decoding="async" class="alignleft" src="https://electricsun.de/wp-content/uploads/2024/03/timer.svg" width="40" height="40" /></h6>
<p>TIMER: Időzítő 1-4 óra, 1 órás alapbeállítás (csak a DRYING/szárítás funkciónál).</p>
<h6><img loading="lazy" decoding="async" class="alignleft" src="https://electricsun.de/wp-content/uploads/2024/03/wall.svg" width="40" height="40" /></h6>
<p>Falra szerelhető, vízszintesen, csavarokkal vagy ragasztva. Mérete 60 cm. A Standard modell tápkábelje 140 cm, jobb oldali kivezetéssel.</p>
</div>
<div style="clear: both;"></div>
<div class="center-cer-desc">Az ElectricSun Elektromos törölköző szárító és sterilizáló azoknak szól, akik infrapanellekel fűtenek, vagy padlófűtést használnak, vagy azoknak, akiknek hagyományos radiátoruk van, de nem akarják törölközővel letakarni. Törölközőtartóként és polcként is használható.</p>
<p>Az <strong>elektromos törölköző szárító</strong> egy intelligens technológiai eszköz, amely UVC fénnyel fertőtleníti a törölközőket, ágyneműket és a kisebb ruhadarabokat.<br />
Alkalmas babaruhák, fehérneműk, törölközők és egyéb apró textíliák sterilizálására és szárítására. (NEM alkalmas nagy/vastag szaunatörölközőkhöz).<br />
UV Funkció: Sterilizálás, 30 perces alapbeállítás, nem változtatható meg, de kikapcsolható (a baktériumok 99,99%-át kiküszöböli). Mozgásérzékelővel, ha valaki 4 méteren belül megközelíti az elektromos törölköző szárítót, az UV funkció leáll. Újraindul, amikor az emberi test eltávolodik. 5 UVC lámpa a Standard modellben és 8 UVC lámpa a PREMIUM modellben, Termék élettartama: 10000h, Hullámhossz: 260-280 nm. A száraz és hideg levegő funkciók nem használhatók egyszerre<br />
Az ultraibolya (UV) fény rendelkezik a szerves molekuláris kötések megszakításához szükséges energiával. Amikor a mikroorganizmusok érintkezésbe kerülnek az ultraibolya lámpa által kibocsátott UV-sugárzással, DNS-kötéseik megszakadnak, ami elegendő sejtkárosodást eredményez ahhoz, hogy megakadályozza, hogy a mikroorganizmusok károsítsák az embert. Az UV fény képes elpusztítani a baktériumok, vírusok, baktériumok, gombák, penészgombák és sok más káros szennyezőanyag DNS-ét.<br />
Az UVC fény mindössze 260 mm, széles körben használják UV-sterilizálásra klinikákban, kórházakban, sőt otthonokban vagy irodákban is, mivel nem tud behatolni az emberi bőrbe vagy szembe.<br />
Az <em>elektromos törölköző szárító és sterilizáló</em> elpusztítja a baktériumok 99,99%-át, mint például az Escherichia colit, Candida albicanst stb.<br />
Az <em>elektromos törölköző szárító és sterilizáló</em> szintén hozzájárul a kondenzvíz elpárologtatásához a fürdőszobában, így tisztább és higiénikusabb környezetet biztosít családja jóléte érdekében.</p>
<p>Az anionos funkció számos módon javítja a szárítási folyamatot, beleértve a szagok megszüntetését, a statikus tapadás és gyűrődések csökkentését, a textíliák puhítását és még az energiahatékonyság javítását is.</p>
<p>Az elektromos törölköző szárító ABS polikarbonát házzal rendelkezik, két alumínium törülközőtartóval és két kampóval.<br />
NE helyezzen a készülékre 4 kg-nál nagyobb súlyt. A készüléket falra lehet szerelni csavarokkal vagy ragasztva, vizszintesen. A készüléket úgy kell felszerelni, hogy ne kerüljön bele víz.<br />
Az elektromos törölköző szárító hagyományos törülközőtartóként is használható extra tárolóhellyel, így remek termék a szűkös alapterületű helyiségekben.<br />
Elegáns és hatékony kialakításával, a hasznosat a kellemessel ötvöző ElectricSun Elektromos törölköző szárító és sterilizáló az a termék, amely minden modern fürdőszobát tökéletesen kiegészít.
</p></div>
