{"id":33236,"date":"2023-01-16T14:04:50","date_gmt":"2023-01-16T12:04:50","guid":{"rendered":"https:\/\/electricsun.de\/?post_type=product&#038;p=33236"},"modified":"2026-05-22T22:13:04","modified_gmt":"2026-05-22T20:13:04","slug":"elektromos-kandallo-paula-fekete-electricsun-kicsi-uveg","status":"publish","type":"product","link":"https:\/\/electricsun.de\/hu\/shop\/elektromos-kandallo-paula-fekete-electricsun-kicsi-uveg\/","title":{"rendered":"Elektromos kandall\u00f3, PAULA fekete, ElectricSun, kicsi \u00fcveg, falra szerelhet\u0151, szabadon \u00e1ll\u00f3 vagy be\u00e9p\u00edthet\u0151 kivitelez\u00e9ssel, hanghat\u00e1ssal, 10 sz\u00edn, telefonos alkalmaz\u00e1ssal, SZ122xM45cm"},"content":{"rendered":"","protected":false},"excerpt":{"rendered":"<h2>Az elektromos kandall\u00f3 ElectricSun PAULA fekete kicsi \u00fcveg el\u0151nyei:<\/h2>\n<ul>\n<li>Telep\u00edthet\u0151 padl\u00f3ra (tartalmaz szerelhet\u0151 l\u00e1bakat),<br \/>\nfalra (tartalmazza a sz\u00fcks\u00e9ges konzolt),<br \/>\nde ak\u00e1r b\u00fatorba vagy falba s\u00fcllyesztve is!<\/li>\n<li>St\u00edlusos, modern kandall\u00f3 leny\u0171g\u00f6z\u0151 kialak\u00edt\u00e1ssal, f\u00fcst, korom \u00e9s val\u00f3di t\u0171z n\u00e9lk\u00fcl. Az \u00fcvegb\u0151l k\u00e9sz\u00fclt ElectricSun PAULA tekint\u00e9lyt parancsol\u00f3 k\u00fclseje t\u00f6k\u00e9letesen passzol a lak\u00e1sa, irod\u00e1ja vagy ak\u00e1r nyaral\u00f3ja b\u00e1rmelyik helyis\u00e9g\u00e9be.<\/li>\n<li>Alak\u00edtsa ki saj\u00e1t st\u00edlus\u00e1nak megfelel\u0151en kandall\u00f3ja megjelen\u00e9s\u00e9t! A kandall\u00f3hoz 3 f\u00e9le d\u00edsz\u00edt\u0151elem is j\u00e1r. Az \u00fcvegkrist\u00e1lyok, feh\u00e9r k\u00f6vek \u00e9s \u00e1gak tetsz\u00e9s szerint haszn\u00e1lhat\u00f3ak dekor\u00e1ci\u00f3k\u00e9nt.<\/li>\n<li>Teljes m\u00e9rete: L122xH45x16cm; be\u00e9p\u00edthet\u0151 m\u00e9ret: 1160x435x160mm;<\/li>\n<li><strong>Gyorsan \u00e9s egyszer\u0171en be\u00fczemelhet\u0151, \u00f6sszeszerelve sz\u00e1ll\u00edtjuk<\/strong><\/li>\n<li><strong>Pr\u00e9mium min\u0151s\u00e9g\u0171 edzett \u00fcvegb\u0151l k\u00e9sz\u00fclt \u00fcveglappal<\/strong><\/li>\n<li><strong>Meghitt hangulatot teremt\u0151, realisztikus l\u00e1nghat\u00e1ssal<\/strong><\/li>\n<li>A 10 Watt-os LED l\u00e1ng a f\u0171t\u00e9st\u0151l f\u00fcggetlen\u00fcl m\u0171k\u00f6dik, f\u0171t\u00e9ssel vagy an\u00e9lk\u00fcl<\/li>\n<li><strong>\u00c1ll\u00edthat\u00f3 5 f\u00e9nyer\u0151ss\u00e9ggel \u00e9s 10 k\u00fcl\u00f6nb\u00f6z\u0151 sz\u00ednbe\u00e1ll\u00edt\u00e1ssal<\/strong><\/li>\n<\/ul>\n<h6><img decoding=\"async\" class=\"alignleft size-full wp-image-22195\" title=\"Elektromos kandall\u00f3, PAULA, ElectricSun\" src=\"https:\/\/electricsun.de\/wp-content\/uploads\/2024\/03\/application.svg\" alt=\"Elektromos kandall\u00f3, PAULA, ElectricSun\" width=\"40\" height=\"40\" \/>Mobilalkalmaz\u00e1ssal rendelkezik: TUYA <img decoding=\"async\" class=\"alignnone size-full wp-image-22195\" src=\"https:\/\/electricsun.de\/wp-content\/uploads\/2024\/04\/tuya-app.png\" alt=\"Elektromos kandall\u00f3, PAULA, ElectricSun\" width=\"30px\" \/>vagy Smart Life <img decoding=\"async\" class=\"alignnone size-full wp-image-22195\" src=\"https:\/\/electricsun.de\/wp-content\/uploads\/2024\/04\/Smart-Life.png\" alt=\"\" width=\"30px\" \/><\/h6>\n<p>A kandall\u00f3 be\u00e9p\u00edtett Wi-Fi modullal rendelkezik, amely az otthoni \u00fatv\u00e1laszt\u00f3n kereszt\u00fcl csatlakozik az Internethez, majd okostelefonr\u00f3l vagy t\u00e1blag\u00e9pr\u0151l vez\u00e9relhet\u0151.<\/p>\n<h6><img decoding=\"async\" class=\"alignleft wp-image-3856 size-thumbnail\" title=\"Elektromos kandall\u00f3, PAULA fekete, ElectricSun, kicsi \u00fcveg\" src=\"https:\/\/electricsun.de\/wp-content\/uploads\/2022\/05\/sunet.svg\" alt=\"Elektromos kandall\u00f3, PAULA fekete, ElectricSun, kicsi \u00fcveg\" width=\"40\" height=\"40\" \/>Be\u00e9p\u00edtett hanghat\u00e1ssal:<\/h6>\n<p>\u00c9lje \u00e1t a pattog\u00f3 r\u00f6nk\u00f6k \u00e9s a t\u0171zropog\u00e1s megnyugtat\u00f3 hangulat\u00e1t az 5 k\u00fcl\u00f6nb\u00f6z\u0151 hanghat\u00e1ssal, ak\u00e1r f\u0171t\u00e9s n\u00e9lk\u00fcl!<\/p>\n<h6><img decoding=\"async\" class=\"alignleft\" title=\"Elektromos kandall\u00f3, PAULA fekete, ElectricSun, kicsi \u00fcveg\" src=\"https:\/\/electricsun.de\/wp-content\/uploads\/2022\/05\/led.svg\" alt=\"Elektromos kandall\u00f3, PAULA fekete, ElectricSun, kicsi \u00fcveg\" width=\"40\" height=\"40\" \/>LED technol\u00f3gia \u2013 alacsony, 10 W-os fogyaszt\u00e1ssal:<\/h6>\n<p>Minden ElectricSun elektromos kandall\u00f3 3D LED technol\u00f3gi\u00e1val rendelkezik.<\/p>\n<h6><img loading=\"lazy\" decoding=\"async\" class=\"alignleft\" title=\"Elektromos kandall\u00f3, PAULA fekete, ElectricSun, kicsi \u00fcveg\" src=\"https:\/\/electricsun.de\/wp-content\/uploads\/2022\/05\/afisaj.svg\" alt=\"Elektromos kandall\u00f3, PAULA fekete, ElectricSun, kicsi \u00fcveg\" width=\"40\" height=\"40\" \/>K\u00f6nny\u0171 vez\u00e9relhet\u0151s\u00e9g:<\/h6>\n<p>Ir\u00e1ny\u00edtsa k\u00e9nyelmesen a mell\u00e9kelt hordozhat\u00f3 t\u00e1vir\u00e1ny\u00edt\u00f3 seg\u00edts\u00e9g\u00e9vel, vagy k\u00f6zvetlen\u00fcl a be\u00e9p\u00edtett kezel\u0151panel seg\u00edts\u00e9g\u00e9vel.<\/p>\n<h6><img loading=\"lazy\" decoding=\"async\" class=\"alignleft\" title=\"Elektromos kandall\u00f3, PAULA fekete, ElectricSun, kicsi \u00fcveg\" src=\"https:\/\/electricsun.de\/wp-content\/uploads\/2022\/05\/incalzire-termostat.svg\" alt=\"Elektromos kandall\u00f3, PAULA fekete, ElectricSun, kicsi \u00fcveg\" width=\"40\" height=\"40\" \/>\u00c1ll\u00edthat\u00f3 f\u0171t\u00e9ser\u0151:<\/h6>\n<p>Szab\u00e1lyozza a h\u0151m\u00e9rs\u00e9kletet egyszer\u0171en! A kandall\u00f3 f\u0171t\u00e9ssel vagy an\u00e9lk\u00fcl is haszn\u00e1lhat\u00f3.<\/p>\n<h6><img loading=\"lazy\" decoding=\"async\" class=\"alignleft wp-image-3143\" title=\"Elektromos kandall\u00f3, PAULA fekete, ElectricSun, kicsi \u00fcveg\" src=\"https:\/\/electricsun.de\/wp-content\/uploads\/2022\/05\/efect-flacara.svg\" alt=\"Elektromos kandall\u00f3, PAULA fekete, ElectricSun, kicsi \u00fcveg\" width=\"40\" height=\"40\" \/>\u00c9leth\u0171 l\u00e1nghat\u00e1ssal:<\/h6>\n<p>A t\u00f6k\u00e9letes, nyugodt hangulat megteremt\u00e9s\u00e9hez.<\/p>\n<h6><img loading=\"lazy\" decoding=\"async\" class=\"alignleft\" title=\"Elektromos kandall\u00f3, PAULA fekete, ElectricSun, kicsi \u00fcveg\" src=\"https:\/\/electricsun.de\/wp-content\/uploads\/2022\/05\/luminozitate.svg\" alt=\"Elektromos kandall\u00f3, PAULA fekete, ElectricSun, kicsi \u00fcveg\" width=\"40\" height=\"40\" \/>\u00c1ll\u00edthat\u00f3 f\u00e9nyer\u0151:<\/h6>\n<p>Szab\u00e1lyozhat\u00f3 l\u00e1ngintenzit\u00e1s 5 k\u00fcl\u00f6nb\u00f6z\u0151 be\u00e1ll\u00edt\u00e1sban, lehet\u0151v\u00e9 t\u00e9ve a t\u00f6k\u00e9letes f\u00e9nyer\u0151-be\u00e1ll\u00edt\u00e1st a k\u00f6rnyezet \u00e9s az \u00d6n ig\u00e9nyeinek megfelel\u0151en!<\/p>\n<h6><img loading=\"lazy\" decoding=\"async\" class=\"alignleft\" title=\"Elektromos kandall\u00f3, PAULA fekete, ElectricSun, kicsi \u00fcveg\" src=\"https:\/\/electricsun.de\/wp-content\/uploads\/2022\/05\/speedometer.svg\" alt=\"Elektromos kandall\u00f3, PAULA fekete, ElectricSun, kicsi \u00fcveg\" width=\"40\" height=\"40\" \/>Sebess\u00e9g<\/h6>\n<p>A l\u00e1ngnak \u00e9leth\u0171 sebess\u00e9ge van.<\/p>\n<h6><img loading=\"lazy\" decoding=\"async\" class=\"alignleft\" title=\"Elektromos kandall\u00f3, PAULA fekete, ElectricSun, kicsi \u00fcveg\" src=\"https:\/\/electricsun.de\/wp-content\/uploads\/2022\/05\/telecomanda.svg\" alt=\"Elektromos kandall\u00f3, PAULA fekete, ElectricSun, kicsi \u00fcveg\" width=\"40\" height=\"40\" \/>T\u00e1vir\u00e1ny\u00edt\u00f3<\/h6>\n<p>A funkci\u00f3k k\u00e9nyelmes vez\u00e9rl\u00e9se \u00e9rdek\u00e9ben.<\/p>\n","protected":false},"featured_media":54690,"comment_status":"open","ping_status":"closed","template":"","meta":{"footnotes":""},"product_brand":[],"product_cat":[4859,4856],"product_tag":[],"class_list":["post-33236","product","type-product","status-publish","has-post-thumbnail","product_cat-beepitheto-elektromos-kandallo","product_cat-elektromos-kandallo","first","instock","taxable","shipping-taxable","purchasable","product-type-simple"],"tiered_pricing_type":"fixed","tiered_pricing_fixed_rules":[],"tiered_pricing_product_settings":{"layout":"default","base_unit_name":{"singular":null,"plural":null},"default_variation":null},"tiered_pricing_minimum_quantity":null,"tiered_pricing_roles_data":[],"tiered_pricing_percentage_rules":[],"_links":{"self":[{"href":"https:\/\/electricsun.de\/hu\/wp-json\/wp\/v2\/product\/33236","targetHints":{"allow":["GET"]}}],"collection":[{"href":"https:\/\/electricsun.de\/hu\/wp-json\/wp\/v2\/product"}],"about":[{"href":"https:\/\/electricsun.de\/hu\/wp-json\/wp\/v2\/types\/product"}],"replies":[{"embeddable":true,"href":"https:\/\/electricsun.de\/hu\/wp-json\/wp\/v2\/comments?post=33236"}],"version-history":[{"count":0,"href":"https:\/\/electricsun.de\/hu\/wp-json\/wp\/v2\/product\/33236\/revisions"}],"wp:featuredmedia":[{"embeddable":true,"href":"https:\/\/electricsun.de\/hu\/wp-json\/wp\/v2\/media\/54690"}],"wp:attachment":[{"href":"https:\/\/electricsun.de\/hu\/wp-json\/wp\/v2\/media?parent=33236"}],"wp:term":[{"taxonomy":"product_brand","embeddable":true,"href":"https:\/\/electricsun.de\/hu\/wp-json\/wp\/v2\/product_brand?post=33236"},{"taxonomy":"product_cat","embeddable":true,"href":"https:\/\/electricsun.de\/hu\/wp-json\/wp\/v2\/product_cat?post=33236"},{"taxonomy":"product_tag","embeddable":true,"href":"https:\/\/electricsun.de\/hu\/wp-json\/wp\/v2\/product_tag?post=33236"}],"curies":[{"name":"wp","href":"https:\/\/api.w.org\/{rel}","templated":true}]}}

Elektromos kandalló, PAULA fekete, ElectricSun, kicsi üveg, falra szerelhető, szabadon álló vagy beépíthető kivitelezéssel, hanghatással, 10 szín, telefonos alkalmazással, SZ122xM45cm

<h2>Az elektromos kandalló ElectricSun PAULA fekete kicsi üveg előnyei:</h2>
<ul>
<li>Telepíthető padlóra (tartalmaz szerelhető lábakat),<br />
falra (tartalmazza a szükséges konzolt),<br />
de akár bútorba vagy falba süllyesztve is!</li>
<li>Stílusos, modern kandalló lenyűgöző kialakítással, füst, korom és valódi tűz nélkül. Az üvegből készült ElectricSun PAULA tekintélyt parancsoló külseje tökéletesen passzol a lakása, irodája vagy akár nyaralója bármelyik helyiségébe.</li>
<li>Alakítsa ki saját stílusának megfelelően kandallója megjelenését! A kandallóhoz 3 féle díszítőelem is jár. Az üvegkristályok, fehér kövek és ágak tetszés szerint használhatóak dekorációként.</li>
<li>Teljes mérete: L122xH45x16cm; beépíthető méret: 1160x435x160mm;</li>
<li><strong>Gyorsan és egyszerűen beüzemelhető, összeszerelve szállítjuk</strong></li>
<li><strong>Prémium minőségű edzett üvegből készült üveglappal</strong></li>
<li><strong>Meghitt hangulatot teremtő, realisztikus lánghatással</strong></li>
<li>A 10 Watt-os LED láng a fűtéstől függetlenül működik, fűtéssel vagy anélkül</li>
<li><strong>Állítható 5 fényerősséggel és 10 különböző színbeállítással</strong></li>
</ul>
<h6><img decoding="async" class="alignleft size-full wp-image-22195" title="Elektromos kandalló, PAULA, ElectricSun" src="https://electricsun.de/wp-content/uploads/2024/03/application.svg" alt="Elektromos kandalló, PAULA, ElectricSun" width="40" height="40" />Mobilalkalmazással rendelkezik: TUYA <img decoding="async" class="alignnone size-full wp-image-22195" src="https://electricsun.de/wp-content/uploads/2024/04/tuya-app.png" alt="Elektromos kandalló, PAULA, ElectricSun" width="30px" />vagy Smart Life <img decoding="async" class="alignnone size-full wp-image-22195" src="https://electricsun.de/wp-content/uploads/2024/04/Smart-Life.png" alt="" width="30px" /></h6>
<p>A kandalló beépített Wi-Fi modullal rendelkezik, amely az otthoni útválasztón keresztül csatlakozik az Internethez, majd okostelefonról vagy táblagépről vezérelhető.</p>
<h6><img decoding="async" class="alignleft wp-image-3856 size-thumbnail" title="Elektromos kandalló, PAULA fekete, ElectricSun, kicsi üveg" src="https://electricsun.de/wp-content/uploads/2022/05/sunet.svg" alt="Elektromos kandalló, PAULA fekete, ElectricSun, kicsi üveg" width="40" height="40" />Beépített hanghatással:</h6>
<p>Élje át a pattogó rönkök és a tűzropogás megnyugtató hangulatát az 5 különböző hanghatással, akár fűtés nélkül!</p>
<h6><img decoding="async" class="alignleft" title="Elektromos kandalló, PAULA fekete, ElectricSun, kicsi üveg" src="https://electricsun.de/wp-content/uploads/2022/05/led.svg" alt="Elektromos kandalló, PAULA fekete, ElectricSun, kicsi üveg" width="40" height="40" />LED technológia – alacsony, 10 W-os fogyasztással:</h6>
<p>Minden ElectricSun elektromos kandalló 3D LED technológiával rendelkezik.</p>
<h6><img loading="lazy" decoding="async" class="alignleft" title="Elektromos kandalló, PAULA fekete, ElectricSun, kicsi üveg" src="https://electricsun.de/wp-content/uploads/2022/05/afisaj.svg" alt="Elektromos kandalló, PAULA fekete, ElectricSun, kicsi üveg" width="40" height="40" />Könnyű vezérelhetőség:</h6>
<p>Irányítsa kényelmesen a mellékelt hordozható távirányító segítségével, vagy közvetlenül a beépített kezelőpanel segítségével.</p>
<h6><img loading="lazy" decoding="async" class="alignleft" title="Elektromos kandalló, PAULA fekete, ElectricSun, kicsi üveg" src="https://electricsun.de/wp-content/uploads/2022/05/incalzire-termostat.svg" alt="Elektromos kandalló, PAULA fekete, ElectricSun, kicsi üveg" width="40" height="40" />Állítható fűtéserő:</h6>
<p>Szabályozza a hőmérsékletet egyszerűen! A kandalló fűtéssel vagy anélkül is használható.</p>
<h6><img loading="lazy" decoding="async" class="alignleft wp-image-3143" title="Elektromos kandalló, PAULA fekete, ElectricSun, kicsi üveg" src="https://electricsun.de/wp-content/uploads/2022/05/efect-flacara.svg" alt="Elektromos kandalló, PAULA fekete, ElectricSun, kicsi üveg" width="40" height="40" />Élethű lánghatással:</h6>
<p>A tökéletes, nyugodt hangulat megteremtéséhez.</p>
<h6><img loading="lazy" decoding="async" class="alignleft" title="Elektromos kandalló, PAULA fekete, ElectricSun, kicsi üveg" src="https://electricsun.de/wp-content/uploads/2022/05/luminozitate.svg" alt="Elektromos kandalló, PAULA fekete, ElectricSun, kicsi üveg" width="40" height="40" />Állítható fényerő:</h6>
<p>Szabályozható lángintenzitás 5 különböző beállításban, lehetővé téve a tökéletes fényerő-beállítást a környezet és az Ön igényeinek megfelelően!</p>
<h6><img loading="lazy" decoding="async" class="alignleft" title="Elektromos kandalló, PAULA fekete, ElectricSun, kicsi üveg" src="https://electricsun.de/wp-content/uploads/2022/05/speedometer.svg" alt="Elektromos kandalló, PAULA fekete, ElectricSun, kicsi üveg" width="40" height="40" />Sebesség</h6>
<p>A lángnak élethű sebessége van.</p>
<h6><img loading="lazy" decoding="async" class="alignleft" title="Elektromos kandalló, PAULA fekete, ElectricSun, kicsi üveg" src="https://electricsun.de/wp-content/uploads/2022/05/telecomanda.svg" alt="Elektromos kandalló, PAULA fekete, ElectricSun, kicsi üveg" width="40" height="40" />Távirányító</h6>
<p>A funkciók kényelmes vezérlése érdekében.</p>
